{"id":2634,"date":"2024-02-05T10:22:36","date_gmt":"2024-02-05T09:22:36","guid":{"rendered":"https:\/\/www.loziskaplus.sk\/eshop\/?post_type=product&#038;p=2634"},"modified":"2024-02-05T10:22:37","modified_gmt":"2024-02-05T09:22:37","slug":"lubline-glide-46-10l","status":"publish","type":"product","link":"https:\/\/www.loziskaplus.sk\/eshop\/produkt\/lubline-glide-46-10l\/","title":{"rendered":"LUBLINE GLIDE 46 10L"},"content":{"rendered":"<h4 class=\"prinfo__desc-headline\">NORMY A \u0160PECIFIK\u00c1CIE:<\/h4>\n<p class=\"prinfo__desc-content\"><a href=\"https:\/\/omacz.cz\/cs\/normy\/detail\/viskozita\">ISO VG 46<\/a>, ISO 6743, DIN 51 517-3 CLP, DIN 51 524-2 HLP, ISO 6743\/6 CKC, DIN 51 502 CGLP, Cincinnati Milacron P-47, Cincinnati Milacron P-50, ISO 6743\/13 G<\/p>\n","protected":false},"excerpt":{"rendered":"<p>Lubline Glide 46 je ur\u010den\u00fd na mazanie hydrostatick\u00fdch mechanizmov ako aj prevodov, valiv\u00fdch lo\u017e\u00edsk a vodiacich pl\u00f4ch r\u00f4znych kon\u0161truk\u010dn\u00fdch preveden\u00ed. Pou\u017e\u00edva sa na mazanie prevodoviek a \u010fal\u0161\u00edch pohybliv\u00fdch strojn\u00fdch \u010dast\u00ed najm\u00e4 vtedy ak s\u00fa kladen\u00e9 vysok\u00e9 n\u00e1roky na vysokotlakov\u00e9 vlastnosti oleja. Je ur\u010den\u00fd na mazanie modern\u00fdch obr\u00e1bac\u00edch strojov pracuj\u00facich v n\u00e1ro\u010dn\u00fdch podmienkach kde sa uplatn\u00ed ako multifunk\u010dnos\u0165 (hydrostatika, prevody, klzn\u00e9 vedenia) a vysok\u00e1 kvalita t\u00fdchto olejov.<\/p>\n","protected":false},"featured_media":2635,"template":"","meta":[],"product_brand":[],"product_cat":[19,64,31],"product_tag":[],"class_list":{"0":"post-2634","1":"product","2":"type-product","3":"status-publish","4":"has-post-thumbnail","6":"product_cat-oleje","7":"product_cat-oleje-pre-klzne-vedenia","8":"product_cat-priemyselne-oleje","10":"first","11":"instock","12":"taxable","13":"shipping-taxable","14":"purchasable","15":"product-type-simple"},"yoast_head":"<!-- This site is optimized with the Yoast SEO plugin v27.4 - https:\/\/yoast.com\/product\/yoast-seo-wordpress\/ -->\n<title>LUBLINE GLIDE 46 10L - Lo\u017eisk\u00e1 PLUS<\/title>\n<meta name=\"robots\" content=\"index, follow, max-snippet:-1, max-image-preview:large, max-video-preview:-1\" \/>\n<link rel=\"canonical\" href=\"https:\/\/www.loziskaplus.sk\/eshop\/produkt\/lubline-glide-46-10l\/\" \/>\n<meta property=\"og:locale\" content=\"sk_SK\" \/>\n<meta property=\"og:type\" content=\"article\" \/>\n<meta property=\"og:title\" content=\"LUBLINE GLIDE 46 10L - Lo\u017eisk\u00e1 PLUS\" \/>\n<meta property=\"og:description\" content=\"Lubline Glide 46 je ur\u010den\u00fd na mazanie hydrostatick\u00fdch mechanizmov ako aj prevodov, valiv\u00fdch lo\u017e\u00edsk a vodiacich pl\u00f4ch r\u00f4znych kon\u0161truk\u010dn\u00fdch preveden\u00ed. Pou\u017e\u00edva sa na mazanie prevodoviek a \u010fal\u0161\u00edch pohybliv\u00fdch strojn\u00fdch \u010dast\u00ed najm\u00e4 vtedy ak s\u00fa kladen\u00e9 vysok\u00e9 n\u00e1roky na vysokotlakov\u00e9 vlastnosti oleja. Je ur\u010den\u00fd na mazanie modern\u00fdch obr\u00e1bac\u00edch strojov pracuj\u00facich v n\u00e1ro\u010dn\u00fdch podmienkach kde sa uplatn\u00ed ako multifunk\u010dnos\u0165 (hydrostatika, prevody, klzn\u00e9 vedenia) a vysok\u00e1 kvalita t\u00fdchto olejov.\" \/>\n<meta property=\"og:url\" content=\"https:\/\/www.loziskaplus.sk\/eshop\/produkt\/lubline-glide-46-10l\/\" \/>\n<meta property=\"og:site_name\" content=\"Lo\u017eisk\u00e1 PLUS\" \/>\n<meta property=\"article:modified_time\" content=\"2024-02-05T09:22:37+00:00\" \/>\n<meta property=\"og:image\" content=\"https:\/\/www.loziskaplus.sk\/eshop\/wp-content\/uploads\/2024\/02\/LUBLINE-GLIDE-46-10l.png\" \/>\n\t<meta property=\"og:image:width\" content=\"270\" \/>\n\t<meta property=\"og:image:height\" content=\"295\" \/>\n\t<meta property=\"og:image:type\" content=\"image\/png\" \/>\n<meta name=\"twitter:card\" content=\"summary_large_image\" \/>\n<meta name=\"twitter:label1\" content=\"Predpokladan\u00fd \u010das \u010d\u00edtania\" \/>\n\t<meta name=\"twitter:data1\" content=\"1 min\u00fata\" \/>\n<script type=\"application\/ld+json\" class=\"yoast-schema-graph\">{\"@context\":\"https:\\\/\\\/schema.org\",\"@graph\":[{\"@type\":\"WebPage\",\"@id\":\"https:\\\/\\\/www.loziskaplus.sk\\\/eshop\\\/produkt\\\/lubline-glide-46-10l\\\/\",\"url\":\"https:\\\/\\\/www.loziskaplus.sk\\\/eshop\\\/produkt\\\/lubline-glide-46-10l\\\/\",\"name\":\"LUBLINE GLIDE 46 10L - Lo\u017eisk\u00e1 PLUS\",\"isPartOf\":{\"@id\":\"https:\\\/\\\/www.loziskaplus.sk\\\/eshop\\\/#website\"},\"primaryImageOfPage\":{\"@id\":\"https:\\\/\\\/www.loziskaplus.sk\\\/eshop\\\/produkt\\\/lubline-glide-46-10l\\\/#primaryimage\"},\"image\":{\"@id\":\"https:\\\/\\\/www.loziskaplus.sk\\\/eshop\\\/produkt\\\/lubline-glide-46-10l\\\/#primaryimage\"},\"thumbnailUrl\":\"https:\\\/\\\/www.loziskaplus.sk\\\/eshop\\\/wp-content\\\/uploads\\\/2024\\\/02\\\/LUBLINE-GLIDE-46-10l.png\",\"datePublished\":\"2024-02-05T09:22:36+00:00\",\"dateModified\":\"2024-02-05T09:22:37+00:00\",\"breadcrumb\":{\"@id\":\"https:\\\/\\\/www.loziskaplus.sk\\\/eshop\\\/produkt\\\/lubline-glide-46-10l\\\/#breadcrumb\"},\"inLanguage\":\"sk-SK\",\"potentialAction\":[{\"@type\":\"ReadAction\",\"target\":[\"https:\\\/\\\/www.loziskaplus.sk\\\/eshop\\\/produkt\\\/lubline-glide-46-10l\\\/\"]}]},{\"@type\":\"ImageObject\",\"inLanguage\":\"sk-SK\",\"@id\":\"https:\\\/\\\/www.loziskaplus.sk\\\/eshop\\\/produkt\\\/lubline-glide-46-10l\\\/#primaryimage\",\"url\":\"https:\\\/\\\/www.loziskaplus.sk\\\/eshop\\\/wp-content\\\/uploads\\\/2024\\\/02\\\/LUBLINE-GLIDE-46-10l.png\",\"contentUrl\":\"https:\\\/\\\/www.loziskaplus.sk\\\/eshop\\\/wp-content\\\/uploads\\\/2024\\\/02\\\/LUBLINE-GLIDE-46-10l.png\",\"width\":270,\"height\":295},{\"@type\":\"BreadcrumbList\",\"@id\":\"https:\\\/\\\/www.loziskaplus.sk\\\/eshop\\\/produkt\\\/lubline-glide-46-10l\\\/#breadcrumb\",\"itemListElement\":[{\"@type\":\"ListItem\",\"position\":1,\"name\":\"Domov\",\"item\":\"https:\\\/\\\/www.loziskaplus.sk\\\/eshop\\\/\"},{\"@type\":\"ListItem\",\"position\":2,\"name\":\"Obchod\",\"item\":\"https:\\\/\\\/www.loziskaplus.sk\\\/eshop\\\/obchod\\\/\"},{\"@type\":\"ListItem\",\"position\":3,\"name\":\"LUBLINE GLIDE 46 10L\"}]},{\"@type\":\"WebSite\",\"@id\":\"https:\\\/\\\/www.loziskaplus.sk\\\/eshop\\\/#website\",\"url\":\"https:\\\/\\\/www.loziskaplus.sk\\\/eshop\\\/\",\"name\":\"Lo\u017eisk\u00e1 PLUS\",\"description\":\"\",\"publisher\":{\"@id\":\"https:\\\/\\\/www.loziskaplus.sk\\\/eshop\\\/#organization\"},\"potentialAction\":[{\"@type\":\"SearchAction\",\"target\":{\"@type\":\"EntryPoint\",\"urlTemplate\":\"https:\\\/\\\/www.loziskaplus.sk\\\/eshop\\\/?s={search_term_string}\"},\"query-input\":{\"@type\":\"PropertyValueSpecification\",\"valueRequired\":true,\"valueName\":\"search_term_string\"}}],\"inLanguage\":\"sk-SK\"},{\"@type\":\"Organization\",\"@id\":\"https:\\\/\\\/www.loziskaplus.sk\\\/eshop\\\/#organization\",\"name\":\"Lo\u017eisk\u00e1 PLUS\",\"url\":\"https:\\\/\\\/www.loziskaplus.sk\\\/eshop\\\/\",\"logo\":{\"@type\":\"ImageObject\",\"inLanguage\":\"sk-SK\",\"@id\":\"https:\\\/\\\/www.loziskaplus.sk\\\/eshop\\\/#\\\/schema\\\/logo\\\/image\\\/\",\"url\":\"https:\\\/\\\/www.loziskaplus.sk\\\/eshop\\\/wp-content\\\/uploads\\\/2024\\\/06\\\/logo-facebuk-1.jpg?v=1718619602\",\"contentUrl\":\"https:\\\/\\\/www.loziskaplus.sk\\\/eshop\\\/wp-content\\\/uploads\\\/2024\\\/06\\\/logo-facebuk-1.jpg?v=1718619602\",\"width\":180,\"height\":179,\"caption\":\"Lo\u017eisk\u00e1 PLUS\"},\"image\":{\"@id\":\"https:\\\/\\\/www.loziskaplus.sk\\\/eshop\\\/#\\\/schema\\\/logo\\\/image\\\/\"}}]}<\/script>\n<!-- \/ Yoast SEO plugin. -->","yoast_head_json":{"title":"LUBLINE GLIDE 46 10L - Lo\u017eisk\u00e1 PLUS","robots":{"index":"index","follow":"follow","max-snippet":"max-snippet:-1","max-image-preview":"max-image-preview:large","max-video-preview":"max-video-preview:-1"},"canonical":"https:\/\/www.loziskaplus.sk\/eshop\/produkt\/lubline-glide-46-10l\/","og_locale":"sk_SK","og_type":"article","og_title":"LUBLINE GLIDE 46 10L - Lo\u017eisk\u00e1 PLUS","og_description":"Lubline Glide 46 je ur\u010den\u00fd na mazanie hydrostatick\u00fdch mechanizmov ako aj prevodov, valiv\u00fdch lo\u017e\u00edsk a vodiacich pl\u00f4ch r\u00f4znych kon\u0161truk\u010dn\u00fdch preveden\u00ed. Pou\u017e\u00edva sa na mazanie prevodoviek a \u010fal\u0161\u00edch pohybliv\u00fdch strojn\u00fdch \u010dast\u00ed najm\u00e4 vtedy ak s\u00fa kladen\u00e9 vysok\u00e9 n\u00e1roky na vysokotlakov\u00e9 vlastnosti oleja. Je ur\u010den\u00fd na mazanie modern\u00fdch obr\u00e1bac\u00edch strojov pracuj\u00facich v n\u00e1ro\u010dn\u00fdch podmienkach kde sa uplatn\u00ed ako multifunk\u010dnos\u0165 (hydrostatika, prevody, klzn\u00e9 vedenia) a vysok\u00e1 kvalita t\u00fdchto olejov.","og_url":"https:\/\/www.loziskaplus.sk\/eshop\/produkt\/lubline-glide-46-10l\/","og_site_name":"Lo\u017eisk\u00e1 PLUS","article_modified_time":"2024-02-05T09:22:37+00:00","og_image":[{"width":270,"height":295,"url":"https:\/\/www.loziskaplus.sk\/eshop\/wp-content\/uploads\/2024\/02\/LUBLINE-GLIDE-46-10l.png","type":"image\/png"}],"twitter_card":"summary_large_image","twitter_misc":{"Predpokladan\u00fd \u010das \u010d\u00edtania":"1 min\u00fata"},"schema":{"@context":"https:\/\/schema.org","@graph":[{"@type":"WebPage","@id":"https:\/\/www.loziskaplus.sk\/eshop\/produkt\/lubline-glide-46-10l\/","url":"https:\/\/www.loziskaplus.sk\/eshop\/produkt\/lubline-glide-46-10l\/","name":"LUBLINE GLIDE 46 10L - Lo\u017eisk\u00e1 PLUS","isPartOf":{"@id":"https:\/\/www.loziskaplus.sk\/eshop\/#website"},"primaryImageOfPage":{"@id":"https:\/\/www.loziskaplus.sk\/eshop\/produkt\/lubline-glide-46-10l\/#primaryimage"},"image":{"@id":"https:\/\/www.loziskaplus.sk\/eshop\/produkt\/lubline-glide-46-10l\/#primaryimage"},"thumbnailUrl":"https:\/\/www.loziskaplus.sk\/eshop\/wp-content\/uploads\/2024\/02\/LUBLINE-GLIDE-46-10l.png","datePublished":"2024-02-05T09:22:36+00:00","dateModified":"2024-02-05T09:22:37+00:00","breadcrumb":{"@id":"https:\/\/www.loziskaplus.sk\/eshop\/produkt\/lubline-glide-46-10l\/#breadcrumb"},"inLanguage":"sk-SK","potentialAction":[{"@type":"ReadAction","target":["https:\/\/www.loziskaplus.sk\/eshop\/produkt\/lubline-glide-46-10l\/"]}]},{"@type":"ImageObject","inLanguage":"sk-SK","@id":"https:\/\/www.loziskaplus.sk\/eshop\/produkt\/lubline-glide-46-10l\/#primaryimage","url":"https:\/\/www.loziskaplus.sk\/eshop\/wp-content\/uploads\/2024\/02\/LUBLINE-GLIDE-46-10l.png","contentUrl":"https:\/\/www.loziskaplus.sk\/eshop\/wp-content\/uploads\/2024\/02\/LUBLINE-GLIDE-46-10l.png","width":270,"height":295},{"@type":"BreadcrumbList","@id":"https:\/\/www.loziskaplus.sk\/eshop\/produkt\/lubline-glide-46-10l\/#breadcrumb","itemListElement":[{"@type":"ListItem","position":1,"name":"Domov","item":"https:\/\/www.loziskaplus.sk\/eshop\/"},{"@type":"ListItem","position":2,"name":"Obchod","item":"https:\/\/www.loziskaplus.sk\/eshop\/obchod\/"},{"@type":"ListItem","position":3,"name":"LUBLINE GLIDE 46 10L"}]},{"@type":"WebSite","@id":"https:\/\/www.loziskaplus.sk\/eshop\/#website","url":"https:\/\/www.loziskaplus.sk\/eshop\/","name":"Lo\u017eisk\u00e1 PLUS","description":"","publisher":{"@id":"https:\/\/www.loziskaplus.sk\/eshop\/#organization"},"potentialAction":[{"@type":"SearchAction","target":{"@type":"EntryPoint","urlTemplate":"https:\/\/www.loziskaplus.sk\/eshop\/?s={search_term_string}"},"query-input":{"@type":"PropertyValueSpecification","valueRequired":true,"valueName":"search_term_string"}}],"inLanguage":"sk-SK"},{"@type":"Organization","@id":"https:\/\/www.loziskaplus.sk\/eshop\/#organization","name":"Lo\u017eisk\u00e1 PLUS","url":"https:\/\/www.loziskaplus.sk\/eshop\/","logo":{"@type":"ImageObject","inLanguage":"sk-SK","@id":"https:\/\/www.loziskaplus.sk\/eshop\/#\/schema\/logo\/image\/","url":"https:\/\/www.loziskaplus.sk\/eshop\/wp-content\/uploads\/2024\/06\/logo-facebuk-1.jpg?v=1718619602","contentUrl":"https:\/\/www.loziskaplus.sk\/eshop\/wp-content\/uploads\/2024\/06\/logo-facebuk-1.jpg?v=1718619602","width":180,"height":179,"caption":"Lo\u017eisk\u00e1 PLUS"},"image":{"@id":"https:\/\/www.loziskaplus.sk\/eshop\/#\/schema\/logo\/image\/"}}]}},"jetpack_sharing_enabled":true,"_links":{"self":[{"href":"https:\/\/www.loziskaplus.sk\/eshop\/wp-json\/wp\/v2\/product\/2634","targetHints":{"allow":["GET"]}}],"collection":[{"href":"https:\/\/www.loziskaplus.sk\/eshop\/wp-json\/wp\/v2\/product"}],"about":[{"href":"https:\/\/www.loziskaplus.sk\/eshop\/wp-json\/wp\/v2\/types\/product"}],"wp:featuredmedia":[{"embeddable":true,"href":"https:\/\/www.loziskaplus.sk\/eshop\/wp-json\/wp\/v2\/media\/2635"}],"wp:attachment":[{"href":"https:\/\/www.loziskaplus.sk\/eshop\/wp-json\/wp\/v2\/media?parent=2634"}],"wp:term":[{"taxonomy":"product_brand","embeddable":true,"href":"https:\/\/www.loziskaplus.sk\/eshop\/wp-json\/wp\/v2\/product_brand?post=2634"},{"taxonomy":"product_cat","embeddable":true,"href":"https:\/\/www.loziskaplus.sk\/eshop\/wp-json\/wp\/v2\/product_cat?post=2634"},{"taxonomy":"product_tag","embeddable":true,"href":"https:\/\/www.loziskaplus.sk\/eshop\/wp-json\/wp\/v2\/product_tag?post=2634"}],"curies":[{"name":"wp","href":"https:\/\/api.w.org\/{rel}","templated":true}]}}