{"id":6991,"date":"2024-02-05T12:53:19","date_gmt":"2024-02-05T11:53:19","guid":{"rendered":"https:\/\/www.loziskaplus.sk\/eshop\/produkt\/dxe4-cistic-hlinikovych-diskov-500ml\/"},"modified":"2024-02-29T12:36:14","modified_gmt":"2024-02-29T11:36:14","slug":"dxe4-cistic-hlinikovych-diskov-500ml","status":"publish","type":"product","link":"https:\/\/www.loziskaplus.sk\/eshop\/produkt\/dxe4-cistic-hlinikovych-diskov-500ml\/","title":{"rendered":"DXE4-\u010cISTI\u010c HLIN\u00cdKOV\u00ddCH DISKOV 500ML"},"content":{"rendered":"<p>Vysoko\u00fa\u010dinn\u00fd produkt na \u010distenie chr\u00f3movan\u00fdch, poniklovan\u00fdch a hlin\u00edkov\u00fdch diskov kolies. Obsahuje \u00fa\u010dinn\u00e9 l\u00e1tky zabra\u0148uj\u00face kor\u00f3zii. Jednoduch\u00e9 a \u013eahk\u00e9 pou\u017eitie. Zanech\u00e1va povrch s vysok\u00fdm leskom, \u010dist\u00fd a jasn\u00fd.\u00a0Pou\u017eitie: Aplikujte, nechajte p\u00f4sobi\u0165 nieko\u013eko sek\u00fand a opl\u00e1chnite. Nepou\u017e\u00edvajte na \u0161peci\u00e1lne, alebo natret\u00e9 disky a na puklicov\u00e9 kryty z plastu.<\/p>\n","protected":false},"excerpt":{"rendered":"<p>Vysoko\u00fa\u010dinn\u00fd produkt na \u010distenie chr\u00f3movan\u00fdch, poniklovan\u00fdch a hlin\u00edkov\u00fdch diskov kolies. Obsahuje \u00fa\u010dinn\u00e9 l\u00e1tky zabra\u0148uj\u00face kor\u00f3zii. Jednoduch\u00e9 a \u013eahk\u00e9 pou\u017eitie. Zanech\u00e1va povrch s vysok\u00fdm leskom, \u010dist\u00fd a jasn\u00fd.<\/p>\n","protected":false},"featured_media":6990,"template":"","meta":[],"product_brand":[],"product_cat":[112,122],"product_tag":[],"class_list":{"0":"post-6991","1":"product","2":"type-product","3":"status-publish","4":"has-post-thumbnail","6":"product_cat-autokozmetika","7":"product_cat-univerzalne-diely-a-prislusenstvo-na-auta","8":"pa_balenie-05l","9":"pa_vyrobca-dynamax","11":"first","12":"instock","13":"taxable","14":"shipping-taxable","15":"purchasable","16":"product-type-simple"},"yoast_head":"<!-- This site is optimized with the Yoast SEO plugin v27.4 - https:\/\/yoast.com\/product\/yoast-seo-wordpress\/ -->\n<title>DXE4-\u010cISTI\u010c HLIN\u00cdKOV\u00ddCH DISKOV 500ML - Lo\u017eisk\u00e1 PLUS<\/title>\n<meta name=\"robots\" content=\"index, follow, max-snippet:-1, max-image-preview:large, max-video-preview:-1\" \/>\n<link rel=\"canonical\" href=\"https:\/\/www.loziskaplus.sk\/eshop\/produkt\/dxe4-cistic-hlinikovych-diskov-500ml\/\" \/>\n<meta property=\"og:locale\" content=\"sk_SK\" \/>\n<meta property=\"og:type\" content=\"article\" \/>\n<meta property=\"og:title\" content=\"DXE4-\u010cISTI\u010c HLIN\u00cdKOV\u00ddCH DISKOV 500ML - Lo\u017eisk\u00e1 PLUS\" \/>\n<meta property=\"og:description\" content=\"Vysoko\u00fa\u010dinn\u00fd produkt na \u010distenie chr\u00f3movan\u00fdch, poniklovan\u00fdch a hlin\u00edkov\u00fdch diskov kolies. Obsahuje \u00fa\u010dinn\u00e9 l\u00e1tky zabra\u0148uj\u00face kor\u00f3zii. Jednoduch\u00e9 a \u013eahk\u00e9 pou\u017eitie. Zanech\u00e1va povrch s vysok\u00fdm leskom, \u010dist\u00fd a jasn\u00fd.\" \/>\n<meta property=\"og:url\" content=\"https:\/\/www.loziskaplus.sk\/eshop\/produkt\/dxe4-cistic-hlinikovych-diskov-500ml\/\" \/>\n<meta property=\"og:site_name\" content=\"Lo\u017eisk\u00e1 PLUS\" \/>\n<meta property=\"article:modified_time\" content=\"2024-02-29T11:36:14+00:00\" \/>\n<meta property=\"og:image\" content=\"https:\/\/www.loziskaplus.sk\/eshop\/wp-content\/uploads\/2024\/02\/6829-1.jpg?v=1707133999\" \/>\n\t<meta property=\"og:image:width\" content=\"626\" \/>\n\t<meta property=\"og:image:height\" content=\"595\" \/>\n\t<meta property=\"og:image:type\" content=\"image\/jpeg\" \/>\n<meta name=\"twitter:card\" content=\"summary_large_image\" \/>\n<meta name=\"twitter:label1\" content=\"Predpokladan\u00fd \u010das \u010d\u00edtania\" \/>\n\t<meta name=\"twitter:data1\" content=\"1 min\u00fata\" \/>\n<script type=\"application\/ld+json\" class=\"yoast-schema-graph\">{\"@context\":\"https:\\\/\\\/schema.org\",\"@graph\":[{\"@type\":\"WebPage\",\"@id\":\"https:\\\/\\\/www.loziskaplus.sk\\\/eshop\\\/produkt\\\/dxe4-cistic-hlinikovych-diskov-500ml\\\/\",\"url\":\"https:\\\/\\\/www.loziskaplus.sk\\\/eshop\\\/produkt\\\/dxe4-cistic-hlinikovych-diskov-500ml\\\/\",\"name\":\"DXE4-\u010cISTI\u010c HLIN\u00cdKOV\u00ddCH DISKOV 500ML - Lo\u017eisk\u00e1 PLUS\",\"isPartOf\":{\"@id\":\"https:\\\/\\\/www.loziskaplus.sk\\\/eshop\\\/#website\"},\"primaryImageOfPage\":{\"@id\":\"https:\\\/\\\/www.loziskaplus.sk\\\/eshop\\\/produkt\\\/dxe4-cistic-hlinikovych-diskov-500ml\\\/#primaryimage\"},\"image\":{\"@id\":\"https:\\\/\\\/www.loziskaplus.sk\\\/eshop\\\/produkt\\\/dxe4-cistic-hlinikovych-diskov-500ml\\\/#primaryimage\"},\"thumbnailUrl\":\"https:\\\/\\\/www.loziskaplus.sk\\\/eshop\\\/wp-content\\\/uploads\\\/2024\\\/02\\\/6829-1.jpg?v=1707133999\",\"datePublished\":\"2024-02-05T11:53:19+00:00\",\"dateModified\":\"2024-02-29T11:36:14+00:00\",\"breadcrumb\":{\"@id\":\"https:\\\/\\\/www.loziskaplus.sk\\\/eshop\\\/produkt\\\/dxe4-cistic-hlinikovych-diskov-500ml\\\/#breadcrumb\"},\"inLanguage\":\"sk-SK\",\"potentialAction\":[{\"@type\":\"ReadAction\",\"target\":[\"https:\\\/\\\/www.loziskaplus.sk\\\/eshop\\\/produkt\\\/dxe4-cistic-hlinikovych-diskov-500ml\\\/\"]}]},{\"@type\":\"ImageObject\",\"inLanguage\":\"sk-SK\",\"@id\":\"https:\\\/\\\/www.loziskaplus.sk\\\/eshop\\\/produkt\\\/dxe4-cistic-hlinikovych-diskov-500ml\\\/#primaryimage\",\"url\":\"https:\\\/\\\/www.loziskaplus.sk\\\/eshop\\\/wp-content\\\/uploads\\\/2024\\\/02\\\/6829-1.jpg?v=1707133999\",\"contentUrl\":\"https:\\\/\\\/www.loziskaplus.sk\\\/eshop\\\/wp-content\\\/uploads\\\/2024\\\/02\\\/6829-1.jpg?v=1707133999\",\"width\":626,\"height\":595},{\"@type\":\"BreadcrumbList\",\"@id\":\"https:\\\/\\\/www.loziskaplus.sk\\\/eshop\\\/produkt\\\/dxe4-cistic-hlinikovych-diskov-500ml\\\/#breadcrumb\",\"itemListElement\":[{\"@type\":\"ListItem\",\"position\":1,\"name\":\"Domov\",\"item\":\"https:\\\/\\\/www.loziskaplus.sk\\\/eshop\\\/\"},{\"@type\":\"ListItem\",\"position\":2,\"name\":\"Obchod\",\"item\":\"https:\\\/\\\/www.loziskaplus.sk\\\/eshop\\\/obchod\\\/\"},{\"@type\":\"ListItem\",\"position\":3,\"name\":\"DXE4-\u010cISTI\u010c HLIN\u00cdKOV\u00ddCH DISKOV 500ML\"}]},{\"@type\":\"WebSite\",\"@id\":\"https:\\\/\\\/www.loziskaplus.sk\\\/eshop\\\/#website\",\"url\":\"https:\\\/\\\/www.loziskaplus.sk\\\/eshop\\\/\",\"name\":\"Lo\u017eisk\u00e1 PLUS\",\"description\":\"\",\"publisher\":{\"@id\":\"https:\\\/\\\/www.loziskaplus.sk\\\/eshop\\\/#organization\"},\"potentialAction\":[{\"@type\":\"SearchAction\",\"target\":{\"@type\":\"EntryPoint\",\"urlTemplate\":\"https:\\\/\\\/www.loziskaplus.sk\\\/eshop\\\/?s={search_term_string}\"},\"query-input\":{\"@type\":\"PropertyValueSpecification\",\"valueRequired\":true,\"valueName\":\"search_term_string\"}}],\"inLanguage\":\"sk-SK\"},{\"@type\":\"Organization\",\"@id\":\"https:\\\/\\\/www.loziskaplus.sk\\\/eshop\\\/#organization\",\"name\":\"Lo\u017eisk\u00e1 PLUS\",\"url\":\"https:\\\/\\\/www.loziskaplus.sk\\\/eshop\\\/\",\"logo\":{\"@type\":\"ImageObject\",\"inLanguage\":\"sk-SK\",\"@id\":\"https:\\\/\\\/www.loziskaplus.sk\\\/eshop\\\/#\\\/schema\\\/logo\\\/image\\\/\",\"url\":\"https:\\\/\\\/www.loziskaplus.sk\\\/eshop\\\/wp-content\\\/uploads\\\/2024\\\/06\\\/logo-facebuk-1.jpg?v=1718619602\",\"contentUrl\":\"https:\\\/\\\/www.loziskaplus.sk\\\/eshop\\\/wp-content\\\/uploads\\\/2024\\\/06\\\/logo-facebuk-1.jpg?v=1718619602\",\"width\":180,\"height\":179,\"caption\":\"Lo\u017eisk\u00e1 PLUS\"},\"image\":{\"@id\":\"https:\\\/\\\/www.loziskaplus.sk\\\/eshop\\\/#\\\/schema\\\/logo\\\/image\\\/\"}}]}<\/script>\n<!-- \/ Yoast SEO plugin. -->","yoast_head_json":{"title":"DXE4-\u010cISTI\u010c HLIN\u00cdKOV\u00ddCH DISKOV 500ML - Lo\u017eisk\u00e1 PLUS","robots":{"index":"index","follow":"follow","max-snippet":"max-snippet:-1","max-image-preview":"max-image-preview:large","max-video-preview":"max-video-preview:-1"},"canonical":"https:\/\/www.loziskaplus.sk\/eshop\/produkt\/dxe4-cistic-hlinikovych-diskov-500ml\/","og_locale":"sk_SK","og_type":"article","og_title":"DXE4-\u010cISTI\u010c HLIN\u00cdKOV\u00ddCH DISKOV 500ML - Lo\u017eisk\u00e1 PLUS","og_description":"Vysoko\u00fa\u010dinn\u00fd produkt na \u010distenie chr\u00f3movan\u00fdch, poniklovan\u00fdch a hlin\u00edkov\u00fdch diskov kolies. Obsahuje \u00fa\u010dinn\u00e9 l\u00e1tky zabra\u0148uj\u00face kor\u00f3zii. Jednoduch\u00e9 a \u013eahk\u00e9 pou\u017eitie. Zanech\u00e1va povrch s vysok\u00fdm leskom, \u010dist\u00fd a jasn\u00fd.","og_url":"https:\/\/www.loziskaplus.sk\/eshop\/produkt\/dxe4-cistic-hlinikovych-diskov-500ml\/","og_site_name":"Lo\u017eisk\u00e1 PLUS","article_modified_time":"2024-02-29T11:36:14+00:00","og_image":[{"width":626,"height":595,"url":"https:\/\/www.loziskaplus.sk\/eshop\/wp-content\/uploads\/2024\/02\/6829-1.jpg?v=1707133999","type":"image\/jpeg"}],"twitter_card":"summary_large_image","twitter_misc":{"Predpokladan\u00fd \u010das \u010d\u00edtania":"1 min\u00fata"},"schema":{"@context":"https:\/\/schema.org","@graph":[{"@type":"WebPage","@id":"https:\/\/www.loziskaplus.sk\/eshop\/produkt\/dxe4-cistic-hlinikovych-diskov-500ml\/","url":"https:\/\/www.loziskaplus.sk\/eshop\/produkt\/dxe4-cistic-hlinikovych-diskov-500ml\/","name":"DXE4-\u010cISTI\u010c HLIN\u00cdKOV\u00ddCH DISKOV 500ML - Lo\u017eisk\u00e1 PLUS","isPartOf":{"@id":"https:\/\/www.loziskaplus.sk\/eshop\/#website"},"primaryImageOfPage":{"@id":"https:\/\/www.loziskaplus.sk\/eshop\/produkt\/dxe4-cistic-hlinikovych-diskov-500ml\/#primaryimage"},"image":{"@id":"https:\/\/www.loziskaplus.sk\/eshop\/produkt\/dxe4-cistic-hlinikovych-diskov-500ml\/#primaryimage"},"thumbnailUrl":"https:\/\/www.loziskaplus.sk\/eshop\/wp-content\/uploads\/2024\/02\/6829-1.jpg?v=1707133999","datePublished":"2024-02-05T11:53:19+00:00","dateModified":"2024-02-29T11:36:14+00:00","breadcrumb":{"@id":"https:\/\/www.loziskaplus.sk\/eshop\/produkt\/dxe4-cistic-hlinikovych-diskov-500ml\/#breadcrumb"},"inLanguage":"sk-SK","potentialAction":[{"@type":"ReadAction","target":["https:\/\/www.loziskaplus.sk\/eshop\/produkt\/dxe4-cistic-hlinikovych-diskov-500ml\/"]}]},{"@type":"ImageObject","inLanguage":"sk-SK","@id":"https:\/\/www.loziskaplus.sk\/eshop\/produkt\/dxe4-cistic-hlinikovych-diskov-500ml\/#primaryimage","url":"https:\/\/www.loziskaplus.sk\/eshop\/wp-content\/uploads\/2024\/02\/6829-1.jpg?v=1707133999","contentUrl":"https:\/\/www.loziskaplus.sk\/eshop\/wp-content\/uploads\/2024\/02\/6829-1.jpg?v=1707133999","width":626,"height":595},{"@type":"BreadcrumbList","@id":"https:\/\/www.loziskaplus.sk\/eshop\/produkt\/dxe4-cistic-hlinikovych-diskov-500ml\/#breadcrumb","itemListElement":[{"@type":"ListItem","position":1,"name":"Domov","item":"https:\/\/www.loziskaplus.sk\/eshop\/"},{"@type":"ListItem","position":2,"name":"Obchod","item":"https:\/\/www.loziskaplus.sk\/eshop\/obchod\/"},{"@type":"ListItem","position":3,"name":"DXE4-\u010cISTI\u010c HLIN\u00cdKOV\u00ddCH DISKOV 500ML"}]},{"@type":"WebSite","@id":"https:\/\/www.loziskaplus.sk\/eshop\/#website","url":"https:\/\/www.loziskaplus.sk\/eshop\/","name":"Lo\u017eisk\u00e1 PLUS","description":"","publisher":{"@id":"https:\/\/www.loziskaplus.sk\/eshop\/#organization"},"potentialAction":[{"@type":"SearchAction","target":{"@type":"EntryPoint","urlTemplate":"https:\/\/www.loziskaplus.sk\/eshop\/?s={search_term_string}"},"query-input":{"@type":"PropertyValueSpecification","valueRequired":true,"valueName":"search_term_string"}}],"inLanguage":"sk-SK"},{"@type":"Organization","@id":"https:\/\/www.loziskaplus.sk\/eshop\/#organization","name":"Lo\u017eisk\u00e1 PLUS","url":"https:\/\/www.loziskaplus.sk\/eshop\/","logo":{"@type":"ImageObject","inLanguage":"sk-SK","@id":"https:\/\/www.loziskaplus.sk\/eshop\/#\/schema\/logo\/image\/","url":"https:\/\/www.loziskaplus.sk\/eshop\/wp-content\/uploads\/2024\/06\/logo-facebuk-1.jpg?v=1718619602","contentUrl":"https:\/\/www.loziskaplus.sk\/eshop\/wp-content\/uploads\/2024\/06\/logo-facebuk-1.jpg?v=1718619602","width":180,"height":179,"caption":"Lo\u017eisk\u00e1 PLUS"},"image":{"@id":"https:\/\/www.loziskaplus.sk\/eshop\/#\/schema\/logo\/image\/"}}]}},"jetpack_sharing_enabled":true,"_links":{"self":[{"href":"https:\/\/www.loziskaplus.sk\/eshop\/wp-json\/wp\/v2\/product\/6991","targetHints":{"allow":["GET"]}}],"collection":[{"href":"https:\/\/www.loziskaplus.sk\/eshop\/wp-json\/wp\/v2\/product"}],"about":[{"href":"https:\/\/www.loziskaplus.sk\/eshop\/wp-json\/wp\/v2\/types\/product"}],"wp:featuredmedia":[{"embeddable":true,"href":"https:\/\/www.loziskaplus.sk\/eshop\/wp-json\/wp\/v2\/media\/6990"}],"wp:attachment":[{"href":"https:\/\/www.loziskaplus.sk\/eshop\/wp-json\/wp\/v2\/media?parent=6991"}],"wp:term":[{"taxonomy":"product_brand","embeddable":true,"href":"https:\/\/www.loziskaplus.sk\/eshop\/wp-json\/wp\/v2\/product_brand?post=6991"},{"taxonomy":"product_cat","embeddable":true,"href":"https:\/\/www.loziskaplus.sk\/eshop\/wp-json\/wp\/v2\/product_cat?post=6991"},{"taxonomy":"product_tag","embeddable":true,"href":"https:\/\/www.loziskaplus.sk\/eshop\/wp-json\/wp\/v2\/product_tag?post=6991"}],"curies":[{"name":"wp","href":"https:\/\/api.w.org\/{rel}","templated":true}]}}