{"id":7340,"date":"2024-02-05T13:01:47","date_gmt":"2024-02-05T12:01:47","guid":{"rendered":"https:\/\/www.loziskaplus.sk\/eshop\/produkt\/dynamax-dpf-strekacia-kvapalina-1l\/"},"modified":"2024-02-20T14:00:21","modified_gmt":"2024-02-20T13:00:21","slug":"dynamax-dpf-strekacia-kvapalina-1l","status":"publish","type":"product","link":"https:\/\/www.loziskaplus.sk\/eshop\/produkt\/dynamax-dpf-strekacia-kvapalina-1l\/","title":{"rendered":"DYNAMAX DPF STREKACIA KVAPALINA 1L"},"content":{"rendered":"<p>Vysoko \u00fa\u010dinn\u00e1 \u010distiaca kvapalina na \u010distenie DPF. Rozp\u00fa\u0161\u0165a zne\u010distenia a\u00a0regeneruje jeho pln\u00fa funk\u010dnos\u0165. Pou\u017eitie: Uistite sa, \u017ee v\u00fdfukov\u00fd syst\u00e9m nem\u00e1 \u017eiadne \u00faniky a\u00a0pracuje spr\u00e1vne. 1. Demontujte sn\u00edma\u010d teploty a \/ alebo tlaku. 2. Zrie\u010fte kvapalinu s\u00a0vodou v\u00a0pomere 1:3 (pri silnej\u0161om zne\u010disten\u00ed 1:2) 3. Napl\u0148te striekaciu pi\u0161to\u013e kvapalinou a\u00a0nastavte v\u00a0nej tlak (2.5-4.0 bar). 4. Na\u0161tartujte motor a\u00a0nechajte ho po\u010das \u010distenia na vo\u013enobehu.\u00a0 Striekajte produkt v\u00a05 sekundov\u00fdch intervaloch cez demontovan\u00fd otvor. Odpor\u00fa\u010dame pou\u017ei\u0165 min. 500 ml produktu v\u00a0z\u00e1vislosti od zne\u010distenia. V\u00a0pr\u00edpade potreby postup opakujte. 5. Namontujte sn\u00edma\u010de a\u00a0vykonajte sk\u00fa\u0161obn\u00fa jazdu. Sadze, ktor\u00e9 boli v\u00a0priebehu \u010distenia rozpusten\u00e9 bud\u00fa sp\u00e1len\u00e9 po\u010das pravidelnej regener\u00e1cie.<\/p>\n","protected":false},"excerpt":{"rendered":"<p>Pou\u017eitie bez demontovania DPF. Rozp\u00fa\u0161\u0165a usadeniny a ne\u010distoty. Regeneruje pln\u00fa funk\u010dnos\u0165 DPF. Vysoko \u00fa\u010dinn\u00e1 \u010distiaca kvapalina na \u010distenie DPF. Rozp\u00fa\u0161\u0165a zne\u010distenia a regeneruje jeho pln\u00fa funk\u010dnos\u0165.<\/p>\n","protected":false},"featured_media":7339,"template":"","meta":[],"product_brand":[],"product_cat":[114,122],"product_tag":[],"class_list":{"0":"post-7340","1":"product","2":"type-product","3":"status-publish","4":"has-post-thumbnail","6":"product_cat-technicke-spreje-a-pripravky","7":"product_cat-univerzalne-diely-a-prislusenstvo-na-auta","8":"pa_balenie-1l","9":"pa_vyrobca-dynamax","11":"first","12":"instock","13":"taxable","14":"shipping-taxable","15":"purchasable","16":"product-type-simple"},"yoast_head":"<!-- This site is optimized with the Yoast SEO plugin v27.4 - https:\/\/yoast.com\/product\/yoast-seo-wordpress\/ -->\n<title>DYNAMAX DPF STREKACIA KVAPALINA 1L - Lo\u017eisk\u00e1 PLUS<\/title>\n<meta name=\"robots\" content=\"index, follow, max-snippet:-1, max-image-preview:large, max-video-preview:-1\" \/>\n<link rel=\"canonical\" href=\"https:\/\/www.loziskaplus.sk\/eshop\/produkt\/dynamax-dpf-strekacia-kvapalina-1l\/\" \/>\n<meta property=\"og:locale\" content=\"sk_SK\" \/>\n<meta property=\"og:type\" content=\"article\" \/>\n<meta property=\"og:title\" content=\"DYNAMAX DPF STREKACIA KVAPALINA 1L - Lo\u017eisk\u00e1 PLUS\" \/>\n<meta property=\"og:description\" content=\"Pou\u017eitie bez demontovania DPF. Rozp\u00fa\u0161\u0165a usadeniny a ne\u010distoty. Regeneruje pln\u00fa funk\u010dnos\u0165 DPF. Vysoko \u00fa\u010dinn\u00e1 \u010distiaca kvapalina na \u010distenie DPF. Rozp\u00fa\u0161\u0165a zne\u010distenia a regeneruje jeho pln\u00fa funk\u010dnos\u0165.\" \/>\n<meta property=\"og:url\" content=\"https:\/\/www.loziskaplus.sk\/eshop\/produkt\/dynamax-dpf-strekacia-kvapalina-1l\/\" \/>\n<meta property=\"og:site_name\" content=\"Lo\u017eisk\u00e1 PLUS\" \/>\n<meta property=\"article:modified_time\" content=\"2024-02-20T13:00:21+00:00\" \/>\n<meta property=\"og:image\" content=\"https:\/\/www.loziskaplus.sk\/eshop\/wp-content\/uploads\/2024\/02\/6910-1.jpg?v=1707134507\" \/>\n\t<meta property=\"og:image:width\" content=\"280\" \/>\n\t<meta property=\"og:image:height\" content=\"266\" \/>\n\t<meta property=\"og:image:type\" content=\"image\/jpeg\" \/>\n<meta name=\"twitter:card\" content=\"summary_large_image\" \/>\n<meta name=\"twitter:label1\" content=\"Predpokladan\u00fd \u010das \u010d\u00edtania\" \/>\n\t<meta name=\"twitter:data1\" content=\"1 min\u00fata\" \/>\n<script type=\"application\/ld+json\" class=\"yoast-schema-graph\">{\"@context\":\"https:\\\/\\\/schema.org\",\"@graph\":[{\"@type\":\"WebPage\",\"@id\":\"https:\\\/\\\/www.loziskaplus.sk\\\/eshop\\\/produkt\\\/dynamax-dpf-strekacia-kvapalina-1l\\\/\",\"url\":\"https:\\\/\\\/www.loziskaplus.sk\\\/eshop\\\/produkt\\\/dynamax-dpf-strekacia-kvapalina-1l\\\/\",\"name\":\"DYNAMAX DPF STREKACIA KVAPALINA 1L - Lo\u017eisk\u00e1 PLUS\",\"isPartOf\":{\"@id\":\"https:\\\/\\\/www.loziskaplus.sk\\\/eshop\\\/#website\"},\"primaryImageOfPage\":{\"@id\":\"https:\\\/\\\/www.loziskaplus.sk\\\/eshop\\\/produkt\\\/dynamax-dpf-strekacia-kvapalina-1l\\\/#primaryimage\"},\"image\":{\"@id\":\"https:\\\/\\\/www.loziskaplus.sk\\\/eshop\\\/produkt\\\/dynamax-dpf-strekacia-kvapalina-1l\\\/#primaryimage\"},\"thumbnailUrl\":\"https:\\\/\\\/www.loziskaplus.sk\\\/eshop\\\/wp-content\\\/uploads\\\/2024\\\/02\\\/6910-1.jpg?v=1707134507\",\"datePublished\":\"2024-02-05T12:01:47+00:00\",\"dateModified\":\"2024-02-20T13:00:21+00:00\",\"breadcrumb\":{\"@id\":\"https:\\\/\\\/www.loziskaplus.sk\\\/eshop\\\/produkt\\\/dynamax-dpf-strekacia-kvapalina-1l\\\/#breadcrumb\"},\"inLanguage\":\"sk-SK\",\"potentialAction\":[{\"@type\":\"ReadAction\",\"target\":[\"https:\\\/\\\/www.loziskaplus.sk\\\/eshop\\\/produkt\\\/dynamax-dpf-strekacia-kvapalina-1l\\\/\"]}]},{\"@type\":\"ImageObject\",\"inLanguage\":\"sk-SK\",\"@id\":\"https:\\\/\\\/www.loziskaplus.sk\\\/eshop\\\/produkt\\\/dynamax-dpf-strekacia-kvapalina-1l\\\/#primaryimage\",\"url\":\"https:\\\/\\\/www.loziskaplus.sk\\\/eshop\\\/wp-content\\\/uploads\\\/2024\\\/02\\\/6910-1.jpg?v=1707134507\",\"contentUrl\":\"https:\\\/\\\/www.loziskaplus.sk\\\/eshop\\\/wp-content\\\/uploads\\\/2024\\\/02\\\/6910-1.jpg?v=1707134507\",\"width\":280,\"height\":266},{\"@type\":\"BreadcrumbList\",\"@id\":\"https:\\\/\\\/www.loziskaplus.sk\\\/eshop\\\/produkt\\\/dynamax-dpf-strekacia-kvapalina-1l\\\/#breadcrumb\",\"itemListElement\":[{\"@type\":\"ListItem\",\"position\":1,\"name\":\"Domov\",\"item\":\"https:\\\/\\\/www.loziskaplus.sk\\\/eshop\\\/\"},{\"@type\":\"ListItem\",\"position\":2,\"name\":\"Obchod\",\"item\":\"https:\\\/\\\/www.loziskaplus.sk\\\/eshop\\\/obchod\\\/\"},{\"@type\":\"ListItem\",\"position\":3,\"name\":\"DYNAMAX DPF STREKACIA KVAPALINA 1L\"}]},{\"@type\":\"WebSite\",\"@id\":\"https:\\\/\\\/www.loziskaplus.sk\\\/eshop\\\/#website\",\"url\":\"https:\\\/\\\/www.loziskaplus.sk\\\/eshop\\\/\",\"name\":\"Lo\u017eisk\u00e1 PLUS\",\"description\":\"\",\"publisher\":{\"@id\":\"https:\\\/\\\/www.loziskaplus.sk\\\/eshop\\\/#organization\"},\"potentialAction\":[{\"@type\":\"SearchAction\",\"target\":{\"@type\":\"EntryPoint\",\"urlTemplate\":\"https:\\\/\\\/www.loziskaplus.sk\\\/eshop\\\/?s={search_term_string}\"},\"query-input\":{\"@type\":\"PropertyValueSpecification\",\"valueRequired\":true,\"valueName\":\"search_term_string\"}}],\"inLanguage\":\"sk-SK\"},{\"@type\":\"Organization\",\"@id\":\"https:\\\/\\\/www.loziskaplus.sk\\\/eshop\\\/#organization\",\"name\":\"Lo\u017eisk\u00e1 PLUS\",\"url\":\"https:\\\/\\\/www.loziskaplus.sk\\\/eshop\\\/\",\"logo\":{\"@type\":\"ImageObject\",\"inLanguage\":\"sk-SK\",\"@id\":\"https:\\\/\\\/www.loziskaplus.sk\\\/eshop\\\/#\\\/schema\\\/logo\\\/image\\\/\",\"url\":\"https:\\\/\\\/www.loziskaplus.sk\\\/eshop\\\/wp-content\\\/uploads\\\/2024\\\/06\\\/logo-facebuk-1.jpg?v=1718619602\",\"contentUrl\":\"https:\\\/\\\/www.loziskaplus.sk\\\/eshop\\\/wp-content\\\/uploads\\\/2024\\\/06\\\/logo-facebuk-1.jpg?v=1718619602\",\"width\":180,\"height\":179,\"caption\":\"Lo\u017eisk\u00e1 PLUS\"},\"image\":{\"@id\":\"https:\\\/\\\/www.loziskaplus.sk\\\/eshop\\\/#\\\/schema\\\/logo\\\/image\\\/\"}}]}<\/script>\n<!-- \/ Yoast SEO plugin. -->","yoast_head_json":{"title":"DYNAMAX DPF STREKACIA KVAPALINA 1L - Lo\u017eisk\u00e1 PLUS","robots":{"index":"index","follow":"follow","max-snippet":"max-snippet:-1","max-image-preview":"max-image-preview:large","max-video-preview":"max-video-preview:-1"},"canonical":"https:\/\/www.loziskaplus.sk\/eshop\/produkt\/dynamax-dpf-strekacia-kvapalina-1l\/","og_locale":"sk_SK","og_type":"article","og_title":"DYNAMAX DPF STREKACIA KVAPALINA 1L - Lo\u017eisk\u00e1 PLUS","og_description":"Pou\u017eitie bez demontovania DPF. Rozp\u00fa\u0161\u0165a usadeniny a ne\u010distoty. Regeneruje pln\u00fa funk\u010dnos\u0165 DPF. Vysoko \u00fa\u010dinn\u00e1 \u010distiaca kvapalina na \u010distenie DPF. Rozp\u00fa\u0161\u0165a zne\u010distenia a regeneruje jeho pln\u00fa funk\u010dnos\u0165.","og_url":"https:\/\/www.loziskaplus.sk\/eshop\/produkt\/dynamax-dpf-strekacia-kvapalina-1l\/","og_site_name":"Lo\u017eisk\u00e1 PLUS","article_modified_time":"2024-02-20T13:00:21+00:00","og_image":[{"width":280,"height":266,"url":"https:\/\/www.loziskaplus.sk\/eshop\/wp-content\/uploads\/2024\/02\/6910-1.jpg?v=1707134507","type":"image\/jpeg"}],"twitter_card":"summary_large_image","twitter_misc":{"Predpokladan\u00fd \u010das \u010d\u00edtania":"1 min\u00fata"},"schema":{"@context":"https:\/\/schema.org","@graph":[{"@type":"WebPage","@id":"https:\/\/www.loziskaplus.sk\/eshop\/produkt\/dynamax-dpf-strekacia-kvapalina-1l\/","url":"https:\/\/www.loziskaplus.sk\/eshop\/produkt\/dynamax-dpf-strekacia-kvapalina-1l\/","name":"DYNAMAX DPF STREKACIA KVAPALINA 1L - Lo\u017eisk\u00e1 PLUS","isPartOf":{"@id":"https:\/\/www.loziskaplus.sk\/eshop\/#website"},"primaryImageOfPage":{"@id":"https:\/\/www.loziskaplus.sk\/eshop\/produkt\/dynamax-dpf-strekacia-kvapalina-1l\/#primaryimage"},"image":{"@id":"https:\/\/www.loziskaplus.sk\/eshop\/produkt\/dynamax-dpf-strekacia-kvapalina-1l\/#primaryimage"},"thumbnailUrl":"https:\/\/www.loziskaplus.sk\/eshop\/wp-content\/uploads\/2024\/02\/6910-1.jpg?v=1707134507","datePublished":"2024-02-05T12:01:47+00:00","dateModified":"2024-02-20T13:00:21+00:00","breadcrumb":{"@id":"https:\/\/www.loziskaplus.sk\/eshop\/produkt\/dynamax-dpf-strekacia-kvapalina-1l\/#breadcrumb"},"inLanguage":"sk-SK","potentialAction":[{"@type":"ReadAction","target":["https:\/\/www.loziskaplus.sk\/eshop\/produkt\/dynamax-dpf-strekacia-kvapalina-1l\/"]}]},{"@type":"ImageObject","inLanguage":"sk-SK","@id":"https:\/\/www.loziskaplus.sk\/eshop\/produkt\/dynamax-dpf-strekacia-kvapalina-1l\/#primaryimage","url":"https:\/\/www.loziskaplus.sk\/eshop\/wp-content\/uploads\/2024\/02\/6910-1.jpg?v=1707134507","contentUrl":"https:\/\/www.loziskaplus.sk\/eshop\/wp-content\/uploads\/2024\/02\/6910-1.jpg?v=1707134507","width":280,"height":266},{"@type":"BreadcrumbList","@id":"https:\/\/www.loziskaplus.sk\/eshop\/produkt\/dynamax-dpf-strekacia-kvapalina-1l\/#breadcrumb","itemListElement":[{"@type":"ListItem","position":1,"name":"Domov","item":"https:\/\/www.loziskaplus.sk\/eshop\/"},{"@type":"ListItem","position":2,"name":"Obchod","item":"https:\/\/www.loziskaplus.sk\/eshop\/obchod\/"},{"@type":"ListItem","position":3,"name":"DYNAMAX DPF STREKACIA KVAPALINA 1L"}]},{"@type":"WebSite","@id":"https:\/\/www.loziskaplus.sk\/eshop\/#website","url":"https:\/\/www.loziskaplus.sk\/eshop\/","name":"Lo\u017eisk\u00e1 PLUS","description":"","publisher":{"@id":"https:\/\/www.loziskaplus.sk\/eshop\/#organization"},"potentialAction":[{"@type":"SearchAction","target":{"@type":"EntryPoint","urlTemplate":"https:\/\/www.loziskaplus.sk\/eshop\/?s={search_term_string}"},"query-input":{"@type":"PropertyValueSpecification","valueRequired":true,"valueName":"search_term_string"}}],"inLanguage":"sk-SK"},{"@type":"Organization","@id":"https:\/\/www.loziskaplus.sk\/eshop\/#organization","name":"Lo\u017eisk\u00e1 PLUS","url":"https:\/\/www.loziskaplus.sk\/eshop\/","logo":{"@type":"ImageObject","inLanguage":"sk-SK","@id":"https:\/\/www.loziskaplus.sk\/eshop\/#\/schema\/logo\/image\/","url":"https:\/\/www.loziskaplus.sk\/eshop\/wp-content\/uploads\/2024\/06\/logo-facebuk-1.jpg?v=1718619602","contentUrl":"https:\/\/www.loziskaplus.sk\/eshop\/wp-content\/uploads\/2024\/06\/logo-facebuk-1.jpg?v=1718619602","width":180,"height":179,"caption":"Lo\u017eisk\u00e1 PLUS"},"image":{"@id":"https:\/\/www.loziskaplus.sk\/eshop\/#\/schema\/logo\/image\/"}}]}},"jetpack_sharing_enabled":true,"_links":{"self":[{"href":"https:\/\/www.loziskaplus.sk\/eshop\/wp-json\/wp\/v2\/product\/7340","targetHints":{"allow":["GET"]}}],"collection":[{"href":"https:\/\/www.loziskaplus.sk\/eshop\/wp-json\/wp\/v2\/product"}],"about":[{"href":"https:\/\/www.loziskaplus.sk\/eshop\/wp-json\/wp\/v2\/types\/product"}],"wp:featuredmedia":[{"embeddable":true,"href":"https:\/\/www.loziskaplus.sk\/eshop\/wp-json\/wp\/v2\/media\/7339"}],"wp:attachment":[{"href":"https:\/\/www.loziskaplus.sk\/eshop\/wp-json\/wp\/v2\/media?parent=7340"}],"wp:term":[{"taxonomy":"product_brand","embeddable":true,"href":"https:\/\/www.loziskaplus.sk\/eshop\/wp-json\/wp\/v2\/product_brand?post=7340"},{"taxonomy":"product_cat","embeddable":true,"href":"https:\/\/www.loziskaplus.sk\/eshop\/wp-json\/wp\/v2\/product_cat?post=7340"},{"taxonomy":"product_tag","embeddable":true,"href":"https:\/\/www.loziskaplus.sk\/eshop\/wp-json\/wp\/v2\/product_tag?post=7340"}],"curies":[{"name":"wp","href":"https:\/\/api.w.org\/{rel}","templated":true}]}}