{"id":7346,"date":"2024-02-05T13:01:53","date_gmt":"2024-02-05T12:01:53","guid":{"rendered":"https:\/\/www.loziskaplus.sk\/eshop\/produkt\/dynamax-odstranovac-bakterii-v-nafte-150-ml\/"},"modified":"2024-02-20T13:53:04","modified_gmt":"2024-02-20T12:53:04","slug":"dynamax-odstranovac-bakterii-v-nafte-150-ml","status":"publish","type":"product","link":"https:\/\/www.loziskaplus.sk\/eshop\/produkt\/dynamax-odstranovac-bakterii-v-nafte-150-ml\/","title":{"rendered":"DYNAMAX ODSTRA\u0147OVA\u010c BAKT\u00c9RI\u00cd V NAFTE 150 ML"},"content":{"rendered":"<p>Dezinfikuje kompletn\u00fd dieselov\u00fd syst\u00e9m \/ skladovacie n\u00e1dr\u017ee. Zabra\u0148uje tvorbe bakt\u00e9ri\u00ed, hub\u00e1m a plesniam. Vhodn\u00fd na pou\u017eitie vo v\u0161etk\u00fdch dieselov\u00fdch agreg\u00e1toch a skladovac\u00edch n\u00e1dr\u017eiach. Vysoko v\u00fdkonn\u00fd koncentr\u00e1t so \u0161irok\u00fdm spektrom \u00fa\u010dinku na ni\u010denie a prevenciu vo\u010di bakt\u00e9ri\u00e1m, hub\u00e1m a plesniam v zariadeniach s dlh\u0161ou dobou mimo prev\u00e1dzky. Dezinfikuje kompletn\u00fd dieselov\u00fd syst\u00e9m\/skladovacie n\u00e1dr\u017ee. Zabra\u0148uje tvorbe bakt\u00e9ri\u00ed, hub\u00e1m a\u00a0plesniam. \u00da\u010dinkuje: ihne\u010f po aplik\u00e1ci\u00ed. Riedenie: 150 ml na 150 l nafty. Odpor\u00fa\u010dan\u00e1 aplik\u00e1cia: ka\u017ed\u00fdch 6 mesiacov.<\/p>\n","protected":false},"excerpt":{"rendered":"<p>Dezinfikuje kompletn\u00fd dieselov\u00fd syst\u00e9m \/ skladovacie n\u00e1dr\u017ee. Zabra\u0148uje tvorbe bakt\u00e9ri\u00ed, hub\u00e1m a plesniam. Vhodn\u00fd na pou\u017eitie vo v\u0161etk\u00fdch dieselov\u00fdch agreg\u00e1toch a skladovac\u00edch n\u00e1dr\u017eiach.\u00a0Dezinfikuje kompletn\u00fd dieselov\u00fd syst\u00e9m\/skladovacie n\u00e1dr\u017ee. Zabra\u0148uje tvorbe bakt\u00e9ri\u00ed, hub\u00e1m a\u00a0plesniam. \u00da\u010dinkuje: ihne\u010f po aplik\u00e1ci\u00ed. Riedenie: 150 ml na 150 l nafty. Odpor\u00fa\u010dan\u00e1 aplik\u00e1cia: ka\u017ed\u00fdch 6 mesiacov.<\/p>\n","protected":false},"featured_media":7345,"template":"","meta":[],"product_brand":[],"product_cat":[109,114,122],"product_tag":[],"class_list":{"0":"post-7346","1":"product","2":"type-product","3":"status-publish","4":"has-post-thumbnail","6":"product_cat-aditiva","7":"product_cat-technicke-spreje-a-pripravky","8":"product_cat-univerzalne-diely-a-prislusenstvo-na-auta","9":"pa_balenie-150ml","10":"pa_vyrobca-dynamax","12":"first","13":"instock","14":"taxable","15":"shipping-taxable","16":"purchasable","17":"product-type-simple"},"yoast_head":"<!-- This site is optimized with the Yoast SEO plugin v27.4 - https:\/\/yoast.com\/product\/yoast-seo-wordpress\/ -->\n<title>DYNAMAX ODSTRA\u0147OVA\u010c BAKT\u00c9RI\u00cd V NAFTE 150 ML - Lo\u017eisk\u00e1 PLUS<\/title>\n<meta name=\"robots\" content=\"index, follow, max-snippet:-1, max-image-preview:large, max-video-preview:-1\" \/>\n<link rel=\"canonical\" href=\"https:\/\/www.loziskaplus.sk\/eshop\/produkt\/dynamax-odstranovac-bakterii-v-nafte-150-ml\/\" \/>\n<meta property=\"og:locale\" content=\"sk_SK\" \/>\n<meta property=\"og:type\" content=\"article\" \/>\n<meta property=\"og:title\" content=\"DYNAMAX ODSTRA\u0147OVA\u010c BAKT\u00c9RI\u00cd V NAFTE 150 ML - Lo\u017eisk\u00e1 PLUS\" \/>\n<meta property=\"og:description\" content=\"Dezinfikuje kompletn\u00fd dieselov\u00fd syst\u00e9m \/ skladovacie n\u00e1dr\u017ee. Zabra\u0148uje tvorbe bakt\u00e9ri\u00ed, hub\u00e1m a plesniam. Vhodn\u00fd na pou\u017eitie vo v\u0161etk\u00fdch dieselov\u00fdch agreg\u00e1toch a skladovac\u00edch n\u00e1dr\u017eiach.\u00a0Dezinfikuje kompletn\u00fd dieselov\u00fd syst\u00e9m\/skladovacie n\u00e1dr\u017ee. Zabra\u0148uje tvorbe bakt\u00e9ri\u00ed, hub\u00e1m a\u00a0plesniam. \u00da\u010dinkuje: ihne\u010f po aplik\u00e1ci\u00ed. Riedenie: 150 ml na 150 l nafty. Odpor\u00fa\u010dan\u00e1 aplik\u00e1cia: ka\u017ed\u00fdch 6 mesiacov.\" \/>\n<meta property=\"og:url\" content=\"https:\/\/www.loziskaplus.sk\/eshop\/produkt\/dynamax-odstranovac-bakterii-v-nafte-150-ml\/\" \/>\n<meta property=\"og:site_name\" content=\"Lo\u017eisk\u00e1 PLUS\" \/>\n<meta property=\"article:modified_time\" content=\"2024-02-20T12:53:04+00:00\" \/>\n<meta property=\"og:image\" content=\"https:\/\/www.loziskaplus.sk\/eshop\/wp-content\/uploads\/2024\/02\/6913-1.jpg?v=1707134513\" \/>\n\t<meta property=\"og:image:width\" content=\"464\" \/>\n\t<meta property=\"og:image:height\" content=\"900\" \/>\n\t<meta property=\"og:image:type\" content=\"image\/jpeg\" \/>\n<meta name=\"twitter:card\" content=\"summary_large_image\" \/>\n<meta name=\"twitter:label1\" content=\"Predpokladan\u00fd \u010das \u010d\u00edtania\" \/>\n\t<meta name=\"twitter:data1\" content=\"1 min\u00fata\" \/>\n<script type=\"application\/ld+json\" class=\"yoast-schema-graph\">{\"@context\":\"https:\\\/\\\/schema.org\",\"@graph\":[{\"@type\":\"WebPage\",\"@id\":\"https:\\\/\\\/www.loziskaplus.sk\\\/eshop\\\/produkt\\\/dynamax-odstranovac-bakterii-v-nafte-150-ml\\\/\",\"url\":\"https:\\\/\\\/www.loziskaplus.sk\\\/eshop\\\/produkt\\\/dynamax-odstranovac-bakterii-v-nafte-150-ml\\\/\",\"name\":\"DYNAMAX ODSTRA\u0147OVA\u010c BAKT\u00c9RI\u00cd V NAFTE 150 ML - Lo\u017eisk\u00e1 PLUS\",\"isPartOf\":{\"@id\":\"https:\\\/\\\/www.loziskaplus.sk\\\/eshop\\\/#website\"},\"primaryImageOfPage\":{\"@id\":\"https:\\\/\\\/www.loziskaplus.sk\\\/eshop\\\/produkt\\\/dynamax-odstranovac-bakterii-v-nafte-150-ml\\\/#primaryimage\"},\"image\":{\"@id\":\"https:\\\/\\\/www.loziskaplus.sk\\\/eshop\\\/produkt\\\/dynamax-odstranovac-bakterii-v-nafte-150-ml\\\/#primaryimage\"},\"thumbnailUrl\":\"https:\\\/\\\/www.loziskaplus.sk\\\/eshop\\\/wp-content\\\/uploads\\\/2024\\\/02\\\/6913-1.jpg?v=1707134513\",\"datePublished\":\"2024-02-05T12:01:53+00:00\",\"dateModified\":\"2024-02-20T12:53:04+00:00\",\"breadcrumb\":{\"@id\":\"https:\\\/\\\/www.loziskaplus.sk\\\/eshop\\\/produkt\\\/dynamax-odstranovac-bakterii-v-nafte-150-ml\\\/#breadcrumb\"},\"inLanguage\":\"sk-SK\",\"potentialAction\":[{\"@type\":\"ReadAction\",\"target\":[\"https:\\\/\\\/www.loziskaplus.sk\\\/eshop\\\/produkt\\\/dynamax-odstranovac-bakterii-v-nafte-150-ml\\\/\"]}]},{\"@type\":\"ImageObject\",\"inLanguage\":\"sk-SK\",\"@id\":\"https:\\\/\\\/www.loziskaplus.sk\\\/eshop\\\/produkt\\\/dynamax-odstranovac-bakterii-v-nafte-150-ml\\\/#primaryimage\",\"url\":\"https:\\\/\\\/www.loziskaplus.sk\\\/eshop\\\/wp-content\\\/uploads\\\/2024\\\/02\\\/6913-1.jpg?v=1707134513\",\"contentUrl\":\"https:\\\/\\\/www.loziskaplus.sk\\\/eshop\\\/wp-content\\\/uploads\\\/2024\\\/02\\\/6913-1.jpg?v=1707134513\",\"width\":464,\"height\":900},{\"@type\":\"BreadcrumbList\",\"@id\":\"https:\\\/\\\/www.loziskaplus.sk\\\/eshop\\\/produkt\\\/dynamax-odstranovac-bakterii-v-nafte-150-ml\\\/#breadcrumb\",\"itemListElement\":[{\"@type\":\"ListItem\",\"position\":1,\"name\":\"Domov\",\"item\":\"https:\\\/\\\/www.loziskaplus.sk\\\/eshop\\\/\"},{\"@type\":\"ListItem\",\"position\":2,\"name\":\"Obchod\",\"item\":\"https:\\\/\\\/www.loziskaplus.sk\\\/eshop\\\/obchod\\\/\"},{\"@type\":\"ListItem\",\"position\":3,\"name\":\"DYNAMAX ODSTRA\u0147OVA\u010c BAKT\u00c9RI\u00cd V NAFTE 150 ML\"}]},{\"@type\":\"WebSite\",\"@id\":\"https:\\\/\\\/www.loziskaplus.sk\\\/eshop\\\/#website\",\"url\":\"https:\\\/\\\/www.loziskaplus.sk\\\/eshop\\\/\",\"name\":\"Lo\u017eisk\u00e1 PLUS\",\"description\":\"\",\"publisher\":{\"@id\":\"https:\\\/\\\/www.loziskaplus.sk\\\/eshop\\\/#organization\"},\"potentialAction\":[{\"@type\":\"SearchAction\",\"target\":{\"@type\":\"EntryPoint\",\"urlTemplate\":\"https:\\\/\\\/www.loziskaplus.sk\\\/eshop\\\/?s={search_term_string}\"},\"query-input\":{\"@type\":\"PropertyValueSpecification\",\"valueRequired\":true,\"valueName\":\"search_term_string\"}}],\"inLanguage\":\"sk-SK\"},{\"@type\":\"Organization\",\"@id\":\"https:\\\/\\\/www.loziskaplus.sk\\\/eshop\\\/#organization\",\"name\":\"Lo\u017eisk\u00e1 PLUS\",\"url\":\"https:\\\/\\\/www.loziskaplus.sk\\\/eshop\\\/\",\"logo\":{\"@type\":\"ImageObject\",\"inLanguage\":\"sk-SK\",\"@id\":\"https:\\\/\\\/www.loziskaplus.sk\\\/eshop\\\/#\\\/schema\\\/logo\\\/image\\\/\",\"url\":\"https:\\\/\\\/www.loziskaplus.sk\\\/eshop\\\/wp-content\\\/uploads\\\/2024\\\/06\\\/logo-facebuk-1.jpg?v=1718619602\",\"contentUrl\":\"https:\\\/\\\/www.loziskaplus.sk\\\/eshop\\\/wp-content\\\/uploads\\\/2024\\\/06\\\/logo-facebuk-1.jpg?v=1718619602\",\"width\":180,\"height\":179,\"caption\":\"Lo\u017eisk\u00e1 PLUS\"},\"image\":{\"@id\":\"https:\\\/\\\/www.loziskaplus.sk\\\/eshop\\\/#\\\/schema\\\/logo\\\/image\\\/\"}}]}<\/script>\n<!-- \/ Yoast SEO plugin. -->","yoast_head_json":{"title":"DYNAMAX ODSTRA\u0147OVA\u010c BAKT\u00c9RI\u00cd V NAFTE 150 ML - Lo\u017eisk\u00e1 PLUS","robots":{"index":"index","follow":"follow","max-snippet":"max-snippet:-1","max-image-preview":"max-image-preview:large","max-video-preview":"max-video-preview:-1"},"canonical":"https:\/\/www.loziskaplus.sk\/eshop\/produkt\/dynamax-odstranovac-bakterii-v-nafte-150-ml\/","og_locale":"sk_SK","og_type":"article","og_title":"DYNAMAX ODSTRA\u0147OVA\u010c BAKT\u00c9RI\u00cd V NAFTE 150 ML - Lo\u017eisk\u00e1 PLUS","og_description":"Dezinfikuje kompletn\u00fd dieselov\u00fd syst\u00e9m \/ skladovacie n\u00e1dr\u017ee. Zabra\u0148uje tvorbe bakt\u00e9ri\u00ed, hub\u00e1m a plesniam. Vhodn\u00fd na pou\u017eitie vo v\u0161etk\u00fdch dieselov\u00fdch agreg\u00e1toch a skladovac\u00edch n\u00e1dr\u017eiach.\u00a0Dezinfikuje kompletn\u00fd dieselov\u00fd syst\u00e9m\/skladovacie n\u00e1dr\u017ee. Zabra\u0148uje tvorbe bakt\u00e9ri\u00ed, hub\u00e1m a\u00a0plesniam. \u00da\u010dinkuje: ihne\u010f po aplik\u00e1ci\u00ed. Riedenie: 150 ml na 150 l nafty. Odpor\u00fa\u010dan\u00e1 aplik\u00e1cia: ka\u017ed\u00fdch 6 mesiacov.","og_url":"https:\/\/www.loziskaplus.sk\/eshop\/produkt\/dynamax-odstranovac-bakterii-v-nafte-150-ml\/","og_site_name":"Lo\u017eisk\u00e1 PLUS","article_modified_time":"2024-02-20T12:53:04+00:00","og_image":[{"width":464,"height":900,"url":"https:\/\/www.loziskaplus.sk\/eshop\/wp-content\/uploads\/2024\/02\/6913-1.jpg?v=1707134513","type":"image\/jpeg"}],"twitter_card":"summary_large_image","twitter_misc":{"Predpokladan\u00fd \u010das \u010d\u00edtania":"1 min\u00fata"},"schema":{"@context":"https:\/\/schema.org","@graph":[{"@type":"WebPage","@id":"https:\/\/www.loziskaplus.sk\/eshop\/produkt\/dynamax-odstranovac-bakterii-v-nafte-150-ml\/","url":"https:\/\/www.loziskaplus.sk\/eshop\/produkt\/dynamax-odstranovac-bakterii-v-nafte-150-ml\/","name":"DYNAMAX ODSTRA\u0147OVA\u010c BAKT\u00c9RI\u00cd V NAFTE 150 ML - Lo\u017eisk\u00e1 PLUS","isPartOf":{"@id":"https:\/\/www.loziskaplus.sk\/eshop\/#website"},"primaryImageOfPage":{"@id":"https:\/\/www.loziskaplus.sk\/eshop\/produkt\/dynamax-odstranovac-bakterii-v-nafte-150-ml\/#primaryimage"},"image":{"@id":"https:\/\/www.loziskaplus.sk\/eshop\/produkt\/dynamax-odstranovac-bakterii-v-nafte-150-ml\/#primaryimage"},"thumbnailUrl":"https:\/\/www.loziskaplus.sk\/eshop\/wp-content\/uploads\/2024\/02\/6913-1.jpg?v=1707134513","datePublished":"2024-02-05T12:01:53+00:00","dateModified":"2024-02-20T12:53:04+00:00","breadcrumb":{"@id":"https:\/\/www.loziskaplus.sk\/eshop\/produkt\/dynamax-odstranovac-bakterii-v-nafte-150-ml\/#breadcrumb"},"inLanguage":"sk-SK","potentialAction":[{"@type":"ReadAction","target":["https:\/\/www.loziskaplus.sk\/eshop\/produkt\/dynamax-odstranovac-bakterii-v-nafte-150-ml\/"]}]},{"@type":"ImageObject","inLanguage":"sk-SK","@id":"https:\/\/www.loziskaplus.sk\/eshop\/produkt\/dynamax-odstranovac-bakterii-v-nafte-150-ml\/#primaryimage","url":"https:\/\/www.loziskaplus.sk\/eshop\/wp-content\/uploads\/2024\/02\/6913-1.jpg?v=1707134513","contentUrl":"https:\/\/www.loziskaplus.sk\/eshop\/wp-content\/uploads\/2024\/02\/6913-1.jpg?v=1707134513","width":464,"height":900},{"@type":"BreadcrumbList","@id":"https:\/\/www.loziskaplus.sk\/eshop\/produkt\/dynamax-odstranovac-bakterii-v-nafte-150-ml\/#breadcrumb","itemListElement":[{"@type":"ListItem","position":1,"name":"Domov","item":"https:\/\/www.loziskaplus.sk\/eshop\/"},{"@type":"ListItem","position":2,"name":"Obchod","item":"https:\/\/www.loziskaplus.sk\/eshop\/obchod\/"},{"@type":"ListItem","position":3,"name":"DYNAMAX ODSTRA\u0147OVA\u010c BAKT\u00c9RI\u00cd V NAFTE 150 ML"}]},{"@type":"WebSite","@id":"https:\/\/www.loziskaplus.sk\/eshop\/#website","url":"https:\/\/www.loziskaplus.sk\/eshop\/","name":"Lo\u017eisk\u00e1 PLUS","description":"","publisher":{"@id":"https:\/\/www.loziskaplus.sk\/eshop\/#organization"},"potentialAction":[{"@type":"SearchAction","target":{"@type":"EntryPoint","urlTemplate":"https:\/\/www.loziskaplus.sk\/eshop\/?s={search_term_string}"},"query-input":{"@type":"PropertyValueSpecification","valueRequired":true,"valueName":"search_term_string"}}],"inLanguage":"sk-SK"},{"@type":"Organization","@id":"https:\/\/www.loziskaplus.sk\/eshop\/#organization","name":"Lo\u017eisk\u00e1 PLUS","url":"https:\/\/www.loziskaplus.sk\/eshop\/","logo":{"@type":"ImageObject","inLanguage":"sk-SK","@id":"https:\/\/www.loziskaplus.sk\/eshop\/#\/schema\/logo\/image\/","url":"https:\/\/www.loziskaplus.sk\/eshop\/wp-content\/uploads\/2024\/06\/logo-facebuk-1.jpg?v=1718619602","contentUrl":"https:\/\/www.loziskaplus.sk\/eshop\/wp-content\/uploads\/2024\/06\/logo-facebuk-1.jpg?v=1718619602","width":180,"height":179,"caption":"Lo\u017eisk\u00e1 PLUS"},"image":{"@id":"https:\/\/www.loziskaplus.sk\/eshop\/#\/schema\/logo\/image\/"}}]}},"jetpack_sharing_enabled":true,"_links":{"self":[{"href":"https:\/\/www.loziskaplus.sk\/eshop\/wp-json\/wp\/v2\/product\/7346","targetHints":{"allow":["GET"]}}],"collection":[{"href":"https:\/\/www.loziskaplus.sk\/eshop\/wp-json\/wp\/v2\/product"}],"about":[{"href":"https:\/\/www.loziskaplus.sk\/eshop\/wp-json\/wp\/v2\/types\/product"}],"wp:featuredmedia":[{"embeddable":true,"href":"https:\/\/www.loziskaplus.sk\/eshop\/wp-json\/wp\/v2\/media\/7345"}],"wp:attachment":[{"href":"https:\/\/www.loziskaplus.sk\/eshop\/wp-json\/wp\/v2\/media?parent=7346"}],"wp:term":[{"taxonomy":"product_brand","embeddable":true,"href":"https:\/\/www.loziskaplus.sk\/eshop\/wp-json\/wp\/v2\/product_brand?post=7346"},{"taxonomy":"product_cat","embeddable":true,"href":"https:\/\/www.loziskaplus.sk\/eshop\/wp-json\/wp\/v2\/product_cat?post=7346"},{"taxonomy":"product_tag","embeddable":true,"href":"https:\/\/www.loziskaplus.sk\/eshop\/wp-json\/wp\/v2\/product_tag?post=7346"}],"curies":[{"name":"wp","href":"https:\/\/api.w.org\/{rel}","templated":true}]}}