{"id":7350,"date":"2024-02-05T13:01:58","date_gmt":"2024-02-05T12:01:58","guid":{"rendered":"https:\/\/www.loziskaplus.sk\/eshop\/produkt\/dynamax-keramicka-prisada-do-oleja-300ml\/"},"modified":"2024-02-20T13:47:58","modified_gmt":"2024-02-20T12:47:58","slug":"dynamax-keramicka-prisada-do-oleja-300ml","status":"publish","type":"product","link":"https:\/\/www.loziskaplus.sk\/eshop\/produkt\/dynamax-keramicka-prisada-do-oleja-300ml\/","title":{"rendered":"DYNAMAX KERAMICK\u00c1 PR\u00cdSADA DO OLEJA 300ML"},"content":{"rendered":"<p>KERAMICK\u00c1 OCHRANA MOTORA Pri slovnom spojen\u00ed keramick\u00e1 ochrana v\u00e4\u010d\u0161ine automaticky napadne ochrana karos\u00e9rie. Keramika v\u0161ak m\u00f4\u017ee fungova\u0165 aj na in\u00fdch miestach, napr\u00edklad vn\u00fatri motora. Keramick\u00e1 ochrana motora\u00a0 obsahuje keramick\u00fa zlo\u017eku, ktor\u00e1 zni\u017euje trenie pohybuj\u00facich sa \u010dast\u00ed (piestov, ojn\u00edc, hriade\u013eov a\u00a0podobne). Zn\u00ed\u017een\u00edm trenia tak doch\u00e1dza k\u00a0zn\u00ed\u017eeniu opotrebenia pohybliv\u00fdch \u010dast\u00ed motora a to m\u00e1 vplyv aj na zn\u00ed\u017eenie\u00a0spotreby paliva. No v prvom rade to zlep\u0161\u00ed hladkos\u0165 chodu motora. <img fetchpriority=\"high\" decoding=\"async\" class=\"alignnone size-large wp-image-5157\" src=\"https:\/\/www.dynamaxoil.com\/wp-content\/uploads\/2018\/12\/DSC_9864-1024x576.jpg\" alt=\"\" width=\"1024\" height=\"576\" \/><\/p>\n<div>V pr\u00edpade v\u00e4\u010d\u0161iny motorov\u00fdch vozidiel sa 25 % energie vytvorenej pohonn\u00fdmi hmotami spotrebuje na prekonanie trenia. Pr\u00e1ve toto \u010d\u00edslo DYNAMAX Ceramic Oil Additive zni\u017euje. Prvotn\u00fdm vplyvom Ceramic Oil Adit\u00edva je zu\u0161\u013each\u0165ovanie kovov\u00fdch povrchov. V\u00fdsledkom je zabezpe\u010denie ide\u00e1lnych podmienok pre olejov\u00fd film, t\u00fdm p\u00e1dom sa zn\u00ed\u017ei opotrebovanie motora a n\u00e1klady na \u00fadr\u017ebu.<\/div>\n<div class=\"clearfix editor block adblock\">DYNAMAX Ceramic Oil Additive dop\u013a\u0148a mazacie vlastnosti motorov\u00e9ho oleja o najmodernej\u0161ie komponenty bez popola. Okrem toho, pomocou motorov\u00e9ho oleja sa nano-keramick\u00e9 \u010dastice dostan\u00fa na tie miesta, kde m\u00f4\u017ee vznikn\u00fa\u0165 trenie. Tieto nano\u010dastice sa dostan\u00fa do povrchov\u00fdch nerovnost\u00ed (valcov, piestov, lo\u017e\u00edsk, piestnych kr\u00fa\u017ekov, ozuben\u00fdch kolies, at\u010f.) a tam pri\u013en\u00fa. Nano\u010dastice okrem zn\u00ed\u017eenia trenia vylep\u0161ia aj probl\u00e9my tesnenia. Spolu s\u00a0t\u00fdm ide ruka v\u00a0ruke aj zn\u00ed\u017eenie spotreby oleja, ktor\u00fa ka\u017ed\u00fd spa\u013eovac\u00ed motor zo svojho princ\u00edpu m\u00e1. Polykeramika m\u00e1 v modernej mazacej technike ve\u013ek\u00fd v\u00fdznam. Drsnos\u0165 kovov\u00fdch trec\u00edch povrchov v motoroch je ve\u013emi n\u00edzka, \u010dasto len 1 mikr\u00f3n, v\u00e4\u010d\u0161ie \u010dastice sa neprichytia (neprilepia) na kovov\u00fd povrch. Filtra\u010dn\u00e9 prvky olejov\u00fdch filtrov maj\u00fa vo v\u00e4\u010d\u0161ine pr\u00edpadov filtra\u010dn\u00fa \u0161trukt\u00faru a jemnos\u0165 vo ve\u013ekosti 15-25 mikr\u00f3nov (super jemn\u00e9 filtre maj\u00fa jemnos\u0165 1-3 mikr\u00f3nov) a tak tieto nie s\u00fa schopn\u00e9 vyfiltrova\u0165 polykeramick\u00e9 nano\u010dastice produktu DYNAMAX Ceramic Oil.<\/div>\n<p><img decoding=\"async\" class=\"alignnone size-large wp-image-5159\" src=\"https:\/\/www.dynamaxoil.com\/wp-content\/uploads\/2018\/12\/DSC_9872-1024x576.jpg\" alt=\"\" width=\"1024\" height=\"576\" \/><\/p>\n<h4>Zn\u00ed\u017eenie spotreby ale aj hlu\u010dnosti<\/h4>\n<p>DYNAMAX Ceramic Oil sa pod tlakom dost\u00e1va do chemickej reakcie s kovmi a zu\u0161\u013each\u0165uje tak ich povrch. Takto vzniknut\u00fd mimoriadne tvrd\u00fd a hladk\u00fd povrch odol\u00e1va poru\u0161eniam a po\u0161kodeniam vypl\u00fdvaj\u00facich z trenia, a to aj v pr\u00edpade extr\u00e9mnych z\u00e1\u0165a\u017e\u00ed zabezpe\u010d\u00ed ide\u00e1lne podmienky pre mazanie. T\u00fdm u\u013eah\u010duje vn\u00fatorn\u00e9 fungovanie motora, ako aj pohyb s\u00fa\u010diastok, \u010do je spojen\u00e9 so zvy\u0161ovan\u00edm v\u00fdkonu motora alebo zni\u017eovan\u00edm spotreby pohonn\u00fdch hm\u00f4t. V d\u00f4sledku zn\u00ed\u017een\u00e9ho trenia sa tie\u017e zn\u00ed\u017ei miera hlu\u010dnosti.<\/p>\n<div class=\"clearfix editor block adblock\">\n<div class=\"clearfix editor block adblock\">Pri pravidelnom pou\u017e\u00edvan\u00ed v nov\u00fdch zariadeniach sa garantuje trikr\u00e1t dlh\u0161ia \u017eivotnos\u0165. Pou\u017e\u00edvanie DYNAMAX Ceramic Oil odstra\u0148uje tie\u017e probl\u00e9my pri studenom \u0161tarte, a ist\u00fd \u010das ochra\u0148uje zariadenie pred probl\u00e9mami sp\u00f4soben\u00fdmi \u010diasto\u010dn\u00fdm nedostatkom oleja, dokonca aj v pr\u00edpade straty celkov\u00e9ho tlaku oleja. M\u00f4\u017ee sa tie\u017e zmie\u0161a\u0165 s ak\u00fdmko\u013evek olejom na syntetickej, polosyntetickej a miner\u00e1lnej b\u00e1ze. Mazacie l\u00e1tky zariaden\u00ed, ktor\u00e9 boli o\u0161etren\u00e9 , str\u00e1caj\u00fa svoju mazaciu schopnos\u0165 a\u017e nesk\u00f4r, ako tie neo\u0161etren\u00e9 a to kv\u00f4li ide\u00e1lnej\u0161iemu mazaciemu prostrediu. A pre ak\u00e9 motory je ur\u010den\u00fd? Pre v\u0161etky z\u00e1\u017eihov\u00e9 (aj na plyn), vznetov\u00e9, nov\u00e9 aj star\u0161ie motory. Jedno balenie s obsahom 300 ml vysta\u010d\u00ed na o\u0161etrenie 6 l olejovej n\u00e1plne, prid\u00e1va sa v\u017edy po v\u00fdmene do nov\u00e9ho zohriateho oleja. Optim\u00e1lnu \u00fa\u010dinnos\u0165 dosahuje po pribli\u017ene 400 a\u017e 600 km.<\/div>\n<\/div>\n","protected":false},"excerpt":{"rendered":"<p>Vytv\u00e1ra ochrann\u00fa vrstvu proti opotrebeniu. Zn\u00ed\u017eenie prev\u00e1dzkovej hlu\u010dnosti, trenia a opotrebenia. Obsahuje vysoko \u00fa\u010dinn\u00fd bal\u00edk adit\u00edv pre zv\u00fd\u0161enie ochrann\u00fdch vlastnost\u00ed v\u0161etk\u00fdch druhov motorov\u00fdch olejov vo\u010di opotrebovaniu. Podporuje zn\u00ed\u017eenie treni a a zvy\u0161uje prev\u00e1dzku. NEOBSAHUJE CHL\u00d3R !<\/p>\n","protected":false},"featured_media":7349,"template":"","meta":[],"product_brand":[],"product_cat":[109,114,122],"product_tag":[],"class_list":{"0":"post-7350","1":"product","2":"type-product","3":"status-publish","4":"has-post-thumbnail","6":"product_cat-aditiva","7":"product_cat-technicke-spreje-a-pripravky","8":"product_cat-univerzalne-diely-a-prislusenstvo-na-auta","9":"pa_balenie-300ml","10":"pa_vyrobca-dynamax","12":"first","13":"instock","14":"taxable","15":"shipping-taxable","16":"purchasable","17":"product-type-simple"},"yoast_head":"<!-- This site is optimized with the Yoast SEO plugin v27.4 - https:\/\/yoast.com\/product\/yoast-seo-wordpress\/ -->\n<title>DYNAMAX KERAMICK\u00c1 PR\u00cdSADA DO OLEJA 300ML - Lo\u017eisk\u00e1 PLUS<\/title>\n<meta name=\"robots\" content=\"index, follow, max-snippet:-1, max-image-preview:large, max-video-preview:-1\" \/>\n<link rel=\"canonical\" href=\"https:\/\/www.loziskaplus.sk\/eshop\/produkt\/dynamax-keramicka-prisada-do-oleja-300ml\/\" \/>\n<meta property=\"og:locale\" content=\"sk_SK\" \/>\n<meta property=\"og:type\" content=\"article\" \/>\n<meta property=\"og:title\" content=\"DYNAMAX KERAMICK\u00c1 PR\u00cdSADA DO OLEJA 300ML - Lo\u017eisk\u00e1 PLUS\" \/>\n<meta property=\"og:description\" content=\"Vytv\u00e1ra ochrann\u00fa vrstvu proti opotrebeniu. Zn\u00ed\u017eenie prev\u00e1dzkovej hlu\u010dnosti, trenia a opotrebenia. Obsahuje vysoko \u00fa\u010dinn\u00fd bal\u00edk adit\u00edv pre zv\u00fd\u0161enie ochrann\u00fdch vlastnost\u00ed v\u0161etk\u00fdch druhov motorov\u00fdch olejov vo\u010di opotrebovaniu. Podporuje zn\u00ed\u017eenie treni a a zvy\u0161uje prev\u00e1dzku. NEOBSAHUJE CHL\u00d3R !\" \/>\n<meta property=\"og:url\" content=\"https:\/\/www.loziskaplus.sk\/eshop\/produkt\/dynamax-keramicka-prisada-do-oleja-300ml\/\" \/>\n<meta property=\"og:site_name\" content=\"Lo\u017eisk\u00e1 PLUS\" \/>\n<meta property=\"article:modified_time\" content=\"2024-02-20T12:47:58+00:00\" \/>\n<meta property=\"og:image\" content=\"https:\/\/www.loziskaplus.sk\/eshop\/wp-content\/uploads\/2024\/02\/6915-1.jpg?v=1707134518\" \/>\n\t<meta property=\"og:image:width\" content=\"280\" \/>\n\t<meta property=\"og:image:height\" content=\"266\" \/>\n\t<meta property=\"og:image:type\" content=\"image\/jpeg\" \/>\n<meta name=\"twitter:card\" content=\"summary_large_image\" \/>\n<meta name=\"twitter:label1\" content=\"Predpokladan\u00fd \u010das \u010d\u00edtania\" \/>\n\t<meta name=\"twitter:data1\" content=\"4 min\u00faty\" \/>\n<script type=\"application\/ld+json\" class=\"yoast-schema-graph\">{\"@context\":\"https:\\\/\\\/schema.org\",\"@graph\":[{\"@type\":\"WebPage\",\"@id\":\"https:\\\/\\\/www.loziskaplus.sk\\\/eshop\\\/produkt\\\/dynamax-keramicka-prisada-do-oleja-300ml\\\/\",\"url\":\"https:\\\/\\\/www.loziskaplus.sk\\\/eshop\\\/produkt\\\/dynamax-keramicka-prisada-do-oleja-300ml\\\/\",\"name\":\"DYNAMAX KERAMICK\u00c1 PR\u00cdSADA DO OLEJA 300ML - Lo\u017eisk\u00e1 PLUS\",\"isPartOf\":{\"@id\":\"https:\\\/\\\/www.loziskaplus.sk\\\/eshop\\\/#website\"},\"primaryImageOfPage\":{\"@id\":\"https:\\\/\\\/www.loziskaplus.sk\\\/eshop\\\/produkt\\\/dynamax-keramicka-prisada-do-oleja-300ml\\\/#primaryimage\"},\"image\":{\"@id\":\"https:\\\/\\\/www.loziskaplus.sk\\\/eshop\\\/produkt\\\/dynamax-keramicka-prisada-do-oleja-300ml\\\/#primaryimage\"},\"thumbnailUrl\":\"https:\\\/\\\/www.loziskaplus.sk\\\/eshop\\\/wp-content\\\/uploads\\\/2024\\\/02\\\/6915-1.jpg?v=1707134518\",\"datePublished\":\"2024-02-05T12:01:58+00:00\",\"dateModified\":\"2024-02-20T12:47:58+00:00\",\"breadcrumb\":{\"@id\":\"https:\\\/\\\/www.loziskaplus.sk\\\/eshop\\\/produkt\\\/dynamax-keramicka-prisada-do-oleja-300ml\\\/#breadcrumb\"},\"inLanguage\":\"sk-SK\",\"potentialAction\":[{\"@type\":\"ReadAction\",\"target\":[\"https:\\\/\\\/www.loziskaplus.sk\\\/eshop\\\/produkt\\\/dynamax-keramicka-prisada-do-oleja-300ml\\\/\"]}]},{\"@type\":\"ImageObject\",\"inLanguage\":\"sk-SK\",\"@id\":\"https:\\\/\\\/www.loziskaplus.sk\\\/eshop\\\/produkt\\\/dynamax-keramicka-prisada-do-oleja-300ml\\\/#primaryimage\",\"url\":\"https:\\\/\\\/www.loziskaplus.sk\\\/eshop\\\/wp-content\\\/uploads\\\/2024\\\/02\\\/6915-1.jpg?v=1707134518\",\"contentUrl\":\"https:\\\/\\\/www.loziskaplus.sk\\\/eshop\\\/wp-content\\\/uploads\\\/2024\\\/02\\\/6915-1.jpg?v=1707134518\",\"width\":280,\"height\":266},{\"@type\":\"BreadcrumbList\",\"@id\":\"https:\\\/\\\/www.loziskaplus.sk\\\/eshop\\\/produkt\\\/dynamax-keramicka-prisada-do-oleja-300ml\\\/#breadcrumb\",\"itemListElement\":[{\"@type\":\"ListItem\",\"position\":1,\"name\":\"Domov\",\"item\":\"https:\\\/\\\/www.loziskaplus.sk\\\/eshop\\\/\"},{\"@type\":\"ListItem\",\"position\":2,\"name\":\"Obchod\",\"item\":\"https:\\\/\\\/www.loziskaplus.sk\\\/eshop\\\/obchod\\\/\"},{\"@type\":\"ListItem\",\"position\":3,\"name\":\"DYNAMAX KERAMICK\u00c1 PR\u00cdSADA DO OLEJA 300ML\"}]},{\"@type\":\"WebSite\",\"@id\":\"https:\\\/\\\/www.loziskaplus.sk\\\/eshop\\\/#website\",\"url\":\"https:\\\/\\\/www.loziskaplus.sk\\\/eshop\\\/\",\"name\":\"Lo\u017eisk\u00e1 PLUS\",\"description\":\"\",\"publisher\":{\"@id\":\"https:\\\/\\\/www.loziskaplus.sk\\\/eshop\\\/#organization\"},\"potentialAction\":[{\"@type\":\"SearchAction\",\"target\":{\"@type\":\"EntryPoint\",\"urlTemplate\":\"https:\\\/\\\/www.loziskaplus.sk\\\/eshop\\\/?s={search_term_string}\"},\"query-input\":{\"@type\":\"PropertyValueSpecification\",\"valueRequired\":true,\"valueName\":\"search_term_string\"}}],\"inLanguage\":\"sk-SK\"},{\"@type\":\"Organization\",\"@id\":\"https:\\\/\\\/www.loziskaplus.sk\\\/eshop\\\/#organization\",\"name\":\"Lo\u017eisk\u00e1 PLUS\",\"url\":\"https:\\\/\\\/www.loziskaplus.sk\\\/eshop\\\/\",\"logo\":{\"@type\":\"ImageObject\",\"inLanguage\":\"sk-SK\",\"@id\":\"https:\\\/\\\/www.loziskaplus.sk\\\/eshop\\\/#\\\/schema\\\/logo\\\/image\\\/\",\"url\":\"https:\\\/\\\/www.loziskaplus.sk\\\/eshop\\\/wp-content\\\/uploads\\\/2024\\\/06\\\/logo-facebuk-1.jpg?v=1718619602\",\"contentUrl\":\"https:\\\/\\\/www.loziskaplus.sk\\\/eshop\\\/wp-content\\\/uploads\\\/2024\\\/06\\\/logo-facebuk-1.jpg?v=1718619602\",\"width\":180,\"height\":179,\"caption\":\"Lo\u017eisk\u00e1 PLUS\"},\"image\":{\"@id\":\"https:\\\/\\\/www.loziskaplus.sk\\\/eshop\\\/#\\\/schema\\\/logo\\\/image\\\/\"}}]}<\/script>\n<!-- \/ Yoast SEO plugin. -->","yoast_head_json":{"title":"DYNAMAX KERAMICK\u00c1 PR\u00cdSADA DO OLEJA 300ML - Lo\u017eisk\u00e1 PLUS","robots":{"index":"index","follow":"follow","max-snippet":"max-snippet:-1","max-image-preview":"max-image-preview:large","max-video-preview":"max-video-preview:-1"},"canonical":"https:\/\/www.loziskaplus.sk\/eshop\/produkt\/dynamax-keramicka-prisada-do-oleja-300ml\/","og_locale":"sk_SK","og_type":"article","og_title":"DYNAMAX KERAMICK\u00c1 PR\u00cdSADA DO OLEJA 300ML - Lo\u017eisk\u00e1 PLUS","og_description":"Vytv\u00e1ra ochrann\u00fa vrstvu proti opotrebeniu. Zn\u00ed\u017eenie prev\u00e1dzkovej hlu\u010dnosti, trenia a opotrebenia. Obsahuje vysoko \u00fa\u010dinn\u00fd bal\u00edk adit\u00edv pre zv\u00fd\u0161enie ochrann\u00fdch vlastnost\u00ed v\u0161etk\u00fdch druhov motorov\u00fdch olejov vo\u010di opotrebovaniu. Podporuje zn\u00ed\u017eenie treni a a zvy\u0161uje prev\u00e1dzku. NEOBSAHUJE CHL\u00d3R !","og_url":"https:\/\/www.loziskaplus.sk\/eshop\/produkt\/dynamax-keramicka-prisada-do-oleja-300ml\/","og_site_name":"Lo\u017eisk\u00e1 PLUS","article_modified_time":"2024-02-20T12:47:58+00:00","og_image":[{"width":280,"height":266,"url":"https:\/\/www.loziskaplus.sk\/eshop\/wp-content\/uploads\/2024\/02\/6915-1.jpg?v=1707134518","type":"image\/jpeg"}],"twitter_card":"summary_large_image","twitter_misc":{"Predpokladan\u00fd \u010das \u010d\u00edtania":"4 min\u00faty"},"schema":{"@context":"https:\/\/schema.org","@graph":[{"@type":"WebPage","@id":"https:\/\/www.loziskaplus.sk\/eshop\/produkt\/dynamax-keramicka-prisada-do-oleja-300ml\/","url":"https:\/\/www.loziskaplus.sk\/eshop\/produkt\/dynamax-keramicka-prisada-do-oleja-300ml\/","name":"DYNAMAX KERAMICK\u00c1 PR\u00cdSADA DO OLEJA 300ML - Lo\u017eisk\u00e1 PLUS","isPartOf":{"@id":"https:\/\/www.loziskaplus.sk\/eshop\/#website"},"primaryImageOfPage":{"@id":"https:\/\/www.loziskaplus.sk\/eshop\/produkt\/dynamax-keramicka-prisada-do-oleja-300ml\/#primaryimage"},"image":{"@id":"https:\/\/www.loziskaplus.sk\/eshop\/produkt\/dynamax-keramicka-prisada-do-oleja-300ml\/#primaryimage"},"thumbnailUrl":"https:\/\/www.loziskaplus.sk\/eshop\/wp-content\/uploads\/2024\/02\/6915-1.jpg?v=1707134518","datePublished":"2024-02-05T12:01:58+00:00","dateModified":"2024-02-20T12:47:58+00:00","breadcrumb":{"@id":"https:\/\/www.loziskaplus.sk\/eshop\/produkt\/dynamax-keramicka-prisada-do-oleja-300ml\/#breadcrumb"},"inLanguage":"sk-SK","potentialAction":[{"@type":"ReadAction","target":["https:\/\/www.loziskaplus.sk\/eshop\/produkt\/dynamax-keramicka-prisada-do-oleja-300ml\/"]}]},{"@type":"ImageObject","inLanguage":"sk-SK","@id":"https:\/\/www.loziskaplus.sk\/eshop\/produkt\/dynamax-keramicka-prisada-do-oleja-300ml\/#primaryimage","url":"https:\/\/www.loziskaplus.sk\/eshop\/wp-content\/uploads\/2024\/02\/6915-1.jpg?v=1707134518","contentUrl":"https:\/\/www.loziskaplus.sk\/eshop\/wp-content\/uploads\/2024\/02\/6915-1.jpg?v=1707134518","width":280,"height":266},{"@type":"BreadcrumbList","@id":"https:\/\/www.loziskaplus.sk\/eshop\/produkt\/dynamax-keramicka-prisada-do-oleja-300ml\/#breadcrumb","itemListElement":[{"@type":"ListItem","position":1,"name":"Domov","item":"https:\/\/www.loziskaplus.sk\/eshop\/"},{"@type":"ListItem","position":2,"name":"Obchod","item":"https:\/\/www.loziskaplus.sk\/eshop\/obchod\/"},{"@type":"ListItem","position":3,"name":"DYNAMAX KERAMICK\u00c1 PR\u00cdSADA DO OLEJA 300ML"}]},{"@type":"WebSite","@id":"https:\/\/www.loziskaplus.sk\/eshop\/#website","url":"https:\/\/www.loziskaplus.sk\/eshop\/","name":"Lo\u017eisk\u00e1 PLUS","description":"","publisher":{"@id":"https:\/\/www.loziskaplus.sk\/eshop\/#organization"},"potentialAction":[{"@type":"SearchAction","target":{"@type":"EntryPoint","urlTemplate":"https:\/\/www.loziskaplus.sk\/eshop\/?s={search_term_string}"},"query-input":{"@type":"PropertyValueSpecification","valueRequired":true,"valueName":"search_term_string"}}],"inLanguage":"sk-SK"},{"@type":"Organization","@id":"https:\/\/www.loziskaplus.sk\/eshop\/#organization","name":"Lo\u017eisk\u00e1 PLUS","url":"https:\/\/www.loziskaplus.sk\/eshop\/","logo":{"@type":"ImageObject","inLanguage":"sk-SK","@id":"https:\/\/www.loziskaplus.sk\/eshop\/#\/schema\/logo\/image\/","url":"https:\/\/www.loziskaplus.sk\/eshop\/wp-content\/uploads\/2024\/06\/logo-facebuk-1.jpg?v=1718619602","contentUrl":"https:\/\/www.loziskaplus.sk\/eshop\/wp-content\/uploads\/2024\/06\/logo-facebuk-1.jpg?v=1718619602","width":180,"height":179,"caption":"Lo\u017eisk\u00e1 PLUS"},"image":{"@id":"https:\/\/www.loziskaplus.sk\/eshop\/#\/schema\/logo\/image\/"}}]}},"jetpack_sharing_enabled":true,"_links":{"self":[{"href":"https:\/\/www.loziskaplus.sk\/eshop\/wp-json\/wp\/v2\/product\/7350","targetHints":{"allow":["GET"]}}],"collection":[{"href":"https:\/\/www.loziskaplus.sk\/eshop\/wp-json\/wp\/v2\/product"}],"about":[{"href":"https:\/\/www.loziskaplus.sk\/eshop\/wp-json\/wp\/v2\/types\/product"}],"wp:featuredmedia":[{"embeddable":true,"href":"https:\/\/www.loziskaplus.sk\/eshop\/wp-json\/wp\/v2\/media\/7349"}],"wp:attachment":[{"href":"https:\/\/www.loziskaplus.sk\/eshop\/wp-json\/wp\/v2\/media?parent=7350"}],"wp:term":[{"taxonomy":"product_brand","embeddable":true,"href":"https:\/\/www.loziskaplus.sk\/eshop\/wp-json\/wp\/v2\/product_brand?post=7350"},{"taxonomy":"product_cat","embeddable":true,"href":"https:\/\/www.loziskaplus.sk\/eshop\/wp-json\/wp\/v2\/product_cat?post=7350"},{"taxonomy":"product_tag","embeddable":true,"href":"https:\/\/www.loziskaplus.sk\/eshop\/wp-json\/wp\/v2\/product_tag?post=7350"}],"curies":[{"name":"wp","href":"https:\/\/api.w.org\/{rel}","templated":true}]}}