{"id":7927,"date":"2024-02-29T11:08:14","date_gmt":"2024-02-29T10:08:14","guid":{"rendered":"https:\/\/www.loziskaplus.sk\/eshop\/?post_type=product&#038;p=7927"},"modified":"2024-02-29T11:13:11","modified_gmt":"2024-02-29T10:13:11","slug":"shell-omala-s2-gx-320-20l","status":"publish","type":"product","link":"https:\/\/www.loziskaplus.sk\/eshop\/produkt\/shell-omala-s2-gx-320-20l\/","title":{"rendered":"Shell Omala S2 GX 320 20L"},"content":{"rendered":"<p>SHELL OMALA S2 GX 320 ISO VG 320 je miner\u00e1lny prevodov\u00fd olej s EP vlastnos\u0165ami pre priemyseln\u00e9 \u00fa\u010dely. Zais\u0165uje maxim\u00e1lnu ochranu proti opotrebovaniu. Je ur\u010den\u00fd pre v\u0161etky mechanick\u00e9 prevody pracuj\u00face pod dlhodobo vysok\u00fdm alebo r\u00e1zov\u00fdm za\u0165a\u017een\u00edm. Kombinuje vysok\u00fa odolnos\u0165 proti starnutiu s termooxida\u010dnou stabilitu a dobr\u00fdmi deemulga\u010dn\u00fdmi vlastnos\u0165ami. Nep\u00f4sob\u00ed negat\u00edvne na diely vyroben\u00e9 z farebn\u00fdch kovov. Maj\u00fa vysok\u00fa \u00fanosnos\u0165 mazacieho filmu.<\/p>\n<p>SHELL OMALA S2 GX 320 patr\u00ed podla DIN 51 517 diel 3 do skupiny mazac\u00edch olejov CLP. V tejto norme predp\u00edsan\u00e9 po\u017eiadavky s\u00fa minim\u00e1lne a s\u00fa olejmi Shell Omala S2 GX zna\u010dne prekro\u010den\u00e9. Prvotnou \u00falohou olejov Shell Omala S2 GX, ako vysoko v\u00fdkonn\u00fdch prevodov\u00fdch olejov, je bezpe\u010dne zabr\u00e1ni\u0165 zadieraciemu opotrebeniu v oblasti zmie\u0161an\u00e9ho trenia a to za v\u0161etk\u00fdch prev\u00e1dzkov\u00fdch podmienok. \u0160peci\u00e1lne FZG testy preuk\u00e1zali, \u017ee u olejov Shell Omala S2 GX ned\u00f4jde pri vzrastaj\u00facom za\u0165a\u017een\u00ed a\u017e do zlomenia zubu k \u017eiadnemu zadieraciemu opotrebeniu.<\/p>\n<p>&nbsp;<\/p>\n","protected":false},"excerpt":{"rendered":"<p>Shell Omala S2 G 320 (star\u00fd n\u00e1zov Shell Omala 320) patr\u00ed pod\u013ea DIN 51 517 diel 3 do skupiny mazac\u00edch olejov CLP. T\u00fato normu Shell Omala zna\u010dne prekra\u010duje. Prvotnou \u00falohou olejov Shell Omala \u2013 vysoko v\u00fdkonn\u00fdch prevodov\u00fdch olejov, je bezpe\u010dne zabr\u00e1ni\u0165 zadieraciemu opotrebeniu v oblasti zn\u00ed\u017een\u00e9ho trenia a to za v\u0161etk\u00fdch prev\u00e1dzkov\u00fdch podmienok.<\/p>\n","protected":false},"featured_media":7928,"template":"","meta":[],"product_brand":[],"product_cat":[19,200,31,47],"product_tag":[],"class_list":{"0":"post-7927","1":"product","2":"type-product","3":"status-publish","4":"has-post-thumbnail","6":"product_cat-oleje","7":"product_cat-prevodove-oleje","8":"product_cat-priemyselne-oleje","9":"product_cat-priemyselne-oleje-a-maziva","10":"pa_balenie-20l","11":"pa_vyrobca-shell","13":"first","14":"instock","15":"taxable","16":"shipping-taxable","17":"purchasable","18":"product-type-simple"},"yoast_head":"<!-- This site is optimized with the Yoast SEO plugin v27.4 - https:\/\/yoast.com\/product\/yoast-seo-wordpress\/ -->\n<title>Shell Omala S2 GX 320 20L - Lo\u017eisk\u00e1 PLUS<\/title>\n<meta name=\"robots\" content=\"index, follow, max-snippet:-1, max-image-preview:large, max-video-preview:-1\" \/>\n<link rel=\"canonical\" href=\"https:\/\/www.loziskaplus.sk\/eshop\/produkt\/shell-omala-s2-gx-320-20l\/\" \/>\n<meta property=\"og:locale\" content=\"sk_SK\" \/>\n<meta property=\"og:type\" content=\"article\" \/>\n<meta property=\"og:title\" content=\"Shell Omala S2 GX 320 20L - Lo\u017eisk\u00e1 PLUS\" \/>\n<meta property=\"og:description\" content=\"Shell Omala S2 G 320 (star\u00fd n\u00e1zov Shell Omala 320) patr\u00ed pod\u013ea DIN 51 517 diel 3 do skupiny mazac\u00edch olejov CLP. T\u00fato normu Shell Omala zna\u010dne prekra\u010duje. Prvotnou \u00falohou olejov Shell Omala \u2013 vysoko v\u00fdkonn\u00fdch prevodov\u00fdch olejov, je bezpe\u010dne zabr\u00e1ni\u0165 zadieraciemu opotrebeniu v oblasti zn\u00ed\u017een\u00e9ho trenia a to za v\u0161etk\u00fdch prev\u00e1dzkov\u00fdch podmienok.\" \/>\n<meta property=\"og:url\" content=\"https:\/\/www.loziskaplus.sk\/eshop\/produkt\/shell-omala-s2-gx-320-20l\/\" \/>\n<meta property=\"og:site_name\" content=\"Lo\u017eisk\u00e1 PLUS\" \/>\n<meta property=\"article:modified_time\" content=\"2024-02-29T10:13:11+00:00\" \/>\n<meta property=\"og:image\" content=\"https:\/\/www.loziskaplus.sk\/eshop\/wp-content\/uploads\/2024\/02\/shell-omala-s2-gx-220-20l-1.jpg\" \/>\n\t<meta property=\"og:image:width\" content=\"458\" \/>\n\t<meta property=\"og:image:height\" content=\"458\" \/>\n\t<meta property=\"og:image:type\" content=\"image\/jpeg\" \/>\n<meta name=\"twitter:card\" content=\"summary_large_image\" \/>\n<meta name=\"twitter:label1\" content=\"Predpokladan\u00fd \u010das \u010d\u00edtania\" \/>\n\t<meta name=\"twitter:data1\" content=\"1 min\u00fata\" \/>\n<script type=\"application\/ld+json\" class=\"yoast-schema-graph\">{\"@context\":\"https:\\\/\\\/schema.org\",\"@graph\":[{\"@type\":\"WebPage\",\"@id\":\"https:\\\/\\\/www.loziskaplus.sk\\\/eshop\\\/produkt\\\/shell-omala-s2-gx-320-20l\\\/\",\"url\":\"https:\\\/\\\/www.loziskaplus.sk\\\/eshop\\\/produkt\\\/shell-omala-s2-gx-320-20l\\\/\",\"name\":\"Shell Omala S2 GX 320 20L - Lo\u017eisk\u00e1 PLUS\",\"isPartOf\":{\"@id\":\"https:\\\/\\\/www.loziskaplus.sk\\\/eshop\\\/#website\"},\"primaryImageOfPage\":{\"@id\":\"https:\\\/\\\/www.loziskaplus.sk\\\/eshop\\\/produkt\\\/shell-omala-s2-gx-320-20l\\\/#primaryimage\"},\"image\":{\"@id\":\"https:\\\/\\\/www.loziskaplus.sk\\\/eshop\\\/produkt\\\/shell-omala-s2-gx-320-20l\\\/#primaryimage\"},\"thumbnailUrl\":\"https:\\\/\\\/www.loziskaplus.sk\\\/eshop\\\/wp-content\\\/uploads\\\/2024\\\/02\\\/shell-omala-s2-gx-220-20l-1.jpg\",\"datePublished\":\"2024-02-29T10:08:14+00:00\",\"dateModified\":\"2024-02-29T10:13:11+00:00\",\"breadcrumb\":{\"@id\":\"https:\\\/\\\/www.loziskaplus.sk\\\/eshop\\\/produkt\\\/shell-omala-s2-gx-320-20l\\\/#breadcrumb\"},\"inLanguage\":\"sk-SK\",\"potentialAction\":[{\"@type\":\"ReadAction\",\"target\":[\"https:\\\/\\\/www.loziskaplus.sk\\\/eshop\\\/produkt\\\/shell-omala-s2-gx-320-20l\\\/\"]}]},{\"@type\":\"ImageObject\",\"inLanguage\":\"sk-SK\",\"@id\":\"https:\\\/\\\/www.loziskaplus.sk\\\/eshop\\\/produkt\\\/shell-omala-s2-gx-320-20l\\\/#primaryimage\",\"url\":\"https:\\\/\\\/www.loziskaplus.sk\\\/eshop\\\/wp-content\\\/uploads\\\/2024\\\/02\\\/shell-omala-s2-gx-220-20l-1.jpg\",\"contentUrl\":\"https:\\\/\\\/www.loziskaplus.sk\\\/eshop\\\/wp-content\\\/uploads\\\/2024\\\/02\\\/shell-omala-s2-gx-220-20l-1.jpg\",\"width\":458,\"height\":458},{\"@type\":\"BreadcrumbList\",\"@id\":\"https:\\\/\\\/www.loziskaplus.sk\\\/eshop\\\/produkt\\\/shell-omala-s2-gx-320-20l\\\/#breadcrumb\",\"itemListElement\":[{\"@type\":\"ListItem\",\"position\":1,\"name\":\"Domov\",\"item\":\"https:\\\/\\\/www.loziskaplus.sk\\\/eshop\\\/\"},{\"@type\":\"ListItem\",\"position\":2,\"name\":\"Obchod\",\"item\":\"https:\\\/\\\/www.loziskaplus.sk\\\/eshop\\\/obchod\\\/\"},{\"@type\":\"ListItem\",\"position\":3,\"name\":\"Shell Omala S2 GX 320 20L\"}]},{\"@type\":\"WebSite\",\"@id\":\"https:\\\/\\\/www.loziskaplus.sk\\\/eshop\\\/#website\",\"url\":\"https:\\\/\\\/www.loziskaplus.sk\\\/eshop\\\/\",\"name\":\"Lo\u017eisk\u00e1 PLUS\",\"description\":\"\",\"publisher\":{\"@id\":\"https:\\\/\\\/www.loziskaplus.sk\\\/eshop\\\/#organization\"},\"potentialAction\":[{\"@type\":\"SearchAction\",\"target\":{\"@type\":\"EntryPoint\",\"urlTemplate\":\"https:\\\/\\\/www.loziskaplus.sk\\\/eshop\\\/?s={search_term_string}\"},\"query-input\":{\"@type\":\"PropertyValueSpecification\",\"valueRequired\":true,\"valueName\":\"search_term_string\"}}],\"inLanguage\":\"sk-SK\"},{\"@type\":\"Organization\",\"@id\":\"https:\\\/\\\/www.loziskaplus.sk\\\/eshop\\\/#organization\",\"name\":\"Lo\u017eisk\u00e1 PLUS\",\"url\":\"https:\\\/\\\/www.loziskaplus.sk\\\/eshop\\\/\",\"logo\":{\"@type\":\"ImageObject\",\"inLanguage\":\"sk-SK\",\"@id\":\"https:\\\/\\\/www.loziskaplus.sk\\\/eshop\\\/#\\\/schema\\\/logo\\\/image\\\/\",\"url\":\"https:\\\/\\\/www.loziskaplus.sk\\\/eshop\\\/wp-content\\\/uploads\\\/2024\\\/06\\\/logo-facebuk-1.jpg?v=1718619602\",\"contentUrl\":\"https:\\\/\\\/www.loziskaplus.sk\\\/eshop\\\/wp-content\\\/uploads\\\/2024\\\/06\\\/logo-facebuk-1.jpg?v=1718619602\",\"width\":180,\"height\":179,\"caption\":\"Lo\u017eisk\u00e1 PLUS\"},\"image\":{\"@id\":\"https:\\\/\\\/www.loziskaplus.sk\\\/eshop\\\/#\\\/schema\\\/logo\\\/image\\\/\"}}]}<\/script>\n<!-- \/ Yoast SEO plugin. -->","yoast_head_json":{"title":"Shell Omala S2 GX 320 20L - Lo\u017eisk\u00e1 PLUS","robots":{"index":"index","follow":"follow","max-snippet":"max-snippet:-1","max-image-preview":"max-image-preview:large","max-video-preview":"max-video-preview:-1"},"canonical":"https:\/\/www.loziskaplus.sk\/eshop\/produkt\/shell-omala-s2-gx-320-20l\/","og_locale":"sk_SK","og_type":"article","og_title":"Shell Omala S2 GX 320 20L - Lo\u017eisk\u00e1 PLUS","og_description":"Shell Omala S2 G 320 (star\u00fd n\u00e1zov Shell Omala 320) patr\u00ed pod\u013ea DIN 51 517 diel 3 do skupiny mazac\u00edch olejov CLP. T\u00fato normu Shell Omala zna\u010dne prekra\u010duje. Prvotnou \u00falohou olejov Shell Omala \u2013 vysoko v\u00fdkonn\u00fdch prevodov\u00fdch olejov, je bezpe\u010dne zabr\u00e1ni\u0165 zadieraciemu opotrebeniu v oblasti zn\u00ed\u017een\u00e9ho trenia a to za v\u0161etk\u00fdch prev\u00e1dzkov\u00fdch podmienok.","og_url":"https:\/\/www.loziskaplus.sk\/eshop\/produkt\/shell-omala-s2-gx-320-20l\/","og_site_name":"Lo\u017eisk\u00e1 PLUS","article_modified_time":"2024-02-29T10:13:11+00:00","og_image":[{"width":458,"height":458,"url":"https:\/\/www.loziskaplus.sk\/eshop\/wp-content\/uploads\/2024\/02\/shell-omala-s2-gx-220-20l-1.jpg","type":"image\/jpeg"}],"twitter_card":"summary_large_image","twitter_misc":{"Predpokladan\u00fd \u010das \u010d\u00edtania":"1 min\u00fata"},"schema":{"@context":"https:\/\/schema.org","@graph":[{"@type":"WebPage","@id":"https:\/\/www.loziskaplus.sk\/eshop\/produkt\/shell-omala-s2-gx-320-20l\/","url":"https:\/\/www.loziskaplus.sk\/eshop\/produkt\/shell-omala-s2-gx-320-20l\/","name":"Shell Omala S2 GX 320 20L - Lo\u017eisk\u00e1 PLUS","isPartOf":{"@id":"https:\/\/www.loziskaplus.sk\/eshop\/#website"},"primaryImageOfPage":{"@id":"https:\/\/www.loziskaplus.sk\/eshop\/produkt\/shell-omala-s2-gx-320-20l\/#primaryimage"},"image":{"@id":"https:\/\/www.loziskaplus.sk\/eshop\/produkt\/shell-omala-s2-gx-320-20l\/#primaryimage"},"thumbnailUrl":"https:\/\/www.loziskaplus.sk\/eshop\/wp-content\/uploads\/2024\/02\/shell-omala-s2-gx-220-20l-1.jpg","datePublished":"2024-02-29T10:08:14+00:00","dateModified":"2024-02-29T10:13:11+00:00","breadcrumb":{"@id":"https:\/\/www.loziskaplus.sk\/eshop\/produkt\/shell-omala-s2-gx-320-20l\/#breadcrumb"},"inLanguage":"sk-SK","potentialAction":[{"@type":"ReadAction","target":["https:\/\/www.loziskaplus.sk\/eshop\/produkt\/shell-omala-s2-gx-320-20l\/"]}]},{"@type":"ImageObject","inLanguage":"sk-SK","@id":"https:\/\/www.loziskaplus.sk\/eshop\/produkt\/shell-omala-s2-gx-320-20l\/#primaryimage","url":"https:\/\/www.loziskaplus.sk\/eshop\/wp-content\/uploads\/2024\/02\/shell-omala-s2-gx-220-20l-1.jpg","contentUrl":"https:\/\/www.loziskaplus.sk\/eshop\/wp-content\/uploads\/2024\/02\/shell-omala-s2-gx-220-20l-1.jpg","width":458,"height":458},{"@type":"BreadcrumbList","@id":"https:\/\/www.loziskaplus.sk\/eshop\/produkt\/shell-omala-s2-gx-320-20l\/#breadcrumb","itemListElement":[{"@type":"ListItem","position":1,"name":"Domov","item":"https:\/\/www.loziskaplus.sk\/eshop\/"},{"@type":"ListItem","position":2,"name":"Obchod","item":"https:\/\/www.loziskaplus.sk\/eshop\/obchod\/"},{"@type":"ListItem","position":3,"name":"Shell Omala S2 GX 320 20L"}]},{"@type":"WebSite","@id":"https:\/\/www.loziskaplus.sk\/eshop\/#website","url":"https:\/\/www.loziskaplus.sk\/eshop\/","name":"Lo\u017eisk\u00e1 PLUS","description":"","publisher":{"@id":"https:\/\/www.loziskaplus.sk\/eshop\/#organization"},"potentialAction":[{"@type":"SearchAction","target":{"@type":"EntryPoint","urlTemplate":"https:\/\/www.loziskaplus.sk\/eshop\/?s={search_term_string}"},"query-input":{"@type":"PropertyValueSpecification","valueRequired":true,"valueName":"search_term_string"}}],"inLanguage":"sk-SK"},{"@type":"Organization","@id":"https:\/\/www.loziskaplus.sk\/eshop\/#organization","name":"Lo\u017eisk\u00e1 PLUS","url":"https:\/\/www.loziskaplus.sk\/eshop\/","logo":{"@type":"ImageObject","inLanguage":"sk-SK","@id":"https:\/\/www.loziskaplus.sk\/eshop\/#\/schema\/logo\/image\/","url":"https:\/\/www.loziskaplus.sk\/eshop\/wp-content\/uploads\/2024\/06\/logo-facebuk-1.jpg?v=1718619602","contentUrl":"https:\/\/www.loziskaplus.sk\/eshop\/wp-content\/uploads\/2024\/06\/logo-facebuk-1.jpg?v=1718619602","width":180,"height":179,"caption":"Lo\u017eisk\u00e1 PLUS"},"image":{"@id":"https:\/\/www.loziskaplus.sk\/eshop\/#\/schema\/logo\/image\/"}}]}},"jetpack_sharing_enabled":true,"_links":{"self":[{"href":"https:\/\/www.loziskaplus.sk\/eshop\/wp-json\/wp\/v2\/product\/7927","targetHints":{"allow":["GET"]}}],"collection":[{"href":"https:\/\/www.loziskaplus.sk\/eshop\/wp-json\/wp\/v2\/product"}],"about":[{"href":"https:\/\/www.loziskaplus.sk\/eshop\/wp-json\/wp\/v2\/types\/product"}],"wp:featuredmedia":[{"embeddable":true,"href":"https:\/\/www.loziskaplus.sk\/eshop\/wp-json\/wp\/v2\/media\/7928"}],"wp:attachment":[{"href":"https:\/\/www.loziskaplus.sk\/eshop\/wp-json\/wp\/v2\/media?parent=7927"}],"wp:term":[{"taxonomy":"product_brand","embeddable":true,"href":"https:\/\/www.loziskaplus.sk\/eshop\/wp-json\/wp\/v2\/product_brand?post=7927"},{"taxonomy":"product_cat","embeddable":true,"href":"https:\/\/www.loziskaplus.sk\/eshop\/wp-json\/wp\/v2\/product_cat?post=7927"},{"taxonomy":"product_tag","embeddable":true,"href":"https:\/\/www.loziskaplus.sk\/eshop\/wp-json\/wp\/v2\/product_tag?post=7927"}],"curies":[{"name":"wp","href":"https:\/\/api.w.org\/{rel}","templated":true}]}}